{"id":1256,"date":"2016-12-04T09:57:11","date_gmt":"2016-12-04T08:57:11","guid":{"rendered":"http:\/\/unenfantunefamille.org\/?page_id=1256"},"modified":"2024-03-22T10:18:51","modified_gmt":"2024-03-22T09:18:51","slug":"notre-equipe","status":"publish","type":"page","link":"https:\/\/unenfantunefamille.org\/index.php\/notre-equipe\/","title":{"rendered":"notre \u00e9quipe"},"content":{"rendered":"<div style=\"visibility: hidden;\">pour obtenir une pleine largeur. pour obtenir une pleine largeur. pour obtenir une pleine largeur. pour<\/div>\n<h3 style=\"text-align: center;\">Membres d&rsquo;honneur<\/h3>\n<div style=\"margin-left: 40px;\">\n<ul>\n<li class=\"hh4\" style=\"margin-bottom: 15px;\">Janine REBELO<\/li>\n<li class=\"hh4\" style=\"margin-bottom: 15px;\">V\u00e9r\u00e9na THORN VOGT<\/li>\n<\/ul>\n<\/div>\n<h3 style=\"text-align: center;\">Membres du CA<\/h3>\n<div style=\"margin-left: 40px;\">\n<ul>\n<li class=\"hh4\" style=\"margin-bottom: 15px;\">Pr\u00e9sidente : Claudine HUSSON\n<ul class=\"hh5\" style=\"list-style-type: circle; margin-top: 10px;\">\n<li>Code postal : 75008<\/li>\n<li>Ville : PARIS<\/li>\n<li>T\u00e9l portable : <span id=\"eeb-221558-488161\"><\/span><script type=\"text\/javascript\">(function() {var ml=\"42%08167\",mi=\"2133621347213032133521314213\",o=\"\";for(var j=0,l=mi.length;j<l;j++) {o+=ml.charAt(mi.charCodeAt(j)-48);}document.getElementById(\"eeb-221558-488161\").innerHTML = decodeURIComponent(o);}());<\/script><noscript>*protected email*<\/noscript><\/li>\n<li>Courriel : <a href=\"mailto:cljf.husson@wanadoo.fr\">cljf.husson@wanadoo.fr<\/a><\/li>\n<li>Date de fin de mandat : 05\/27<\/li>\n<\/ul>\n<\/li>\n<li class=\"hh4\" style=\"margin-bottom: 15px;\">Tr\u00e9sorier : Jean-Fran\u00e7ois HUSSON\n<ul class=\"hh5\" style=\"list-style-type: circle; margin-top: 10px;\">\n<li>Code postal : 75008<\/li>\n<li>Ville : PARIS<\/li>\n<li>T\u00e9l portable : <span id=\"eeb-395945-227920\"><\/span><script type=\"text\/javascript\">(function() {var ml=\"2%01568\",mi=\"1022510260102031024610230102\",o=\"\";for(var j=0,l=mi.length;j<l;j++) {o+=ml.charAt(mi.charCodeAt(j)-48);}document.getElementById(\"eeb-395945-227920\").innerHTML = decodeURIComponent(o);}());<\/script><noscript>*protected email*<\/noscript><\/li>\n<li>Courriel : <a href=\"mailto:j-fr.husson@wanadoo.fr\">j-fr.husson@wanadoo.fr<\/a><\/li>\n<li>Date de fin de mandat : 05\/27<\/li>\n<\/ul>\n<\/li>\n<li class=\"hh4\" style=\"margin-bottom: 15px;\">Vice-pr\u00e9sidente aparrainage : Elise SAMPAGNAY\n<ul class=\"hh5\" style=\"list-style-type: circle; margin-top: 10px;\">\n<li>Code postal : 92290<\/li>\n<li>Ville : CHATENAY-MALABRY<\/li>\n<li>T\u00e9l portable : <span id=\"eeb-398060-200324\"><\/span><script type=\"text\/javascript\">(function() {var ml=\"49%157026\",mi=\"2766827654276412767027613276\",o=\"\";for(var j=0,l=mi.length;j<l;j++) {o+=ml.charAt(mi.charCodeAt(j)-48);}document.getElementById(\"eeb-398060-200324\").innerHTML = decodeURIComponent(o);}());<\/script><noscript>*protected email*<\/noscript><\/li>\n<li>Courriel : <a href=\"mailto:elise.bouveret@wanadoo.fr\">elise.bouveret@wanadoo.fr<\/a><\/li>\n<li>Date de fin de mandat : 03\/26<\/li>\n<\/ul>\n<\/li>\n<li class=\"hh4\" style=\"margin-bottom: 15px;\">Vice-pr\u00e9sidente relations ext\u00e9rieures : Ch\u00e2u BUI\n<ul class=\"hh5\" style=\"list-style-type: circle; margin-top: 10px;\">\n<li>Code postal : 92320<\/li>\n<li>Ville : CHATILLON<\/li>\n<li>Date de fin de mandat : 03\/25<\/li>\n<\/ul>\n<\/li>\n<li class=\"hh4\" style=\"margin-bottom: 15px;\">Administratrice : Nathalie BESNARD\n<ul class=\"hh5\" style=\"list-style-type: circle; margin-top: 10px;\">\n<li>Code postal : 92320<\/li>\n<li>Ville : CHATILLON<\/li>\n<li>Date de fin de mandat : 03\/26<\/li>\n<\/ul>\n<\/li>\n<li class=\"hh4\" style=\"margin-bottom: 15px;\">Administratrice : Ana\u00efs GRAND\n<ul class=\"hh5\" style=\"list-style-type: circle; margin-top: 10px;\">\n<li>Code postal : 92700<\/li>\n<li>Ville : COLOMBES<\/li>\n<li>Date de fin de mandat : 05\/27<\/li>\n<\/ul>\n<\/li>\n<li class=\"hh4\" style=\"margin-bottom: 15px;\">Administratrice : Genevi\u00e8ve GUEST\n<ul class=\"hh5\" style=\"list-style-type: circle; margin-top: 10px;\">\n<li>Code postal : 92140<\/li>\n<li>Ville : CLAMART<\/li>\n<li>Date de fin de mandat : 05\/27<\/li>\n<\/ul>\n<\/li>\n<li class=\"hh4\" style=\"margin-bottom: 15px;\">Administrateur : Jean-Pierre HOURTON\n<ul class=\"hh5\" style=\"list-style-type: circle; margin-top: 10px;\">\n<li>Code postal : 95130<\/li>\n<li>Ville : FRANCONVILLE<\/li>\n<li>T\u00e9l portable : <span id=\"eeb-605482-770162\"><\/span><script type=\"text\/javascript\">(function() {var ml=\"\",mi=\"\",o=\"\";for(var j=0,l=mi.length;j<l;j++) {o+=ml.charAt(mi.charCodeAt(j)-48);}document.getElementById(\"eeb-605482-770162\").innerHTML = decodeURIComponent(o);}());<\/script><noscript>*protected email*<\/noscript> 06 43 59 10 80 <span id=\"eeb-134505-363657\"><\/span><script type=\"text\/javascript\">(function() {var ml=\"\",mi=\"\",o=\"\";for(var j=0,l=mi.length;j<l;j++) {o+=ml.charAt(mi.charCodeAt(j)-48);}document.getElementById(\"eeb-134505-363657\").innerHTML = decodeURIComponent(o);}());<\/script><noscript>*protected email*<\/noscript><\/li>\n<li>Courriel : <a href=\"mailto:jipe.hourton@free.fr\">jipe.hourton@free.fr<\/a><\/li>\n<li>Date de fin de mandat : 03\/25<\/li>\n<\/ul>\n<\/li>\n<li class=\"hh4\" style=\"margin-bottom: 15px;\">Administrateur : Laurent SAMPAGNAY\n<ul class=\"hh5\" style=\"list-style-type: circle; margin-top: 10px;\">\n<li>Code postal : 92290<\/li>\n<li>Ville : CHATENAY-MALABRY<\/li>\n<li>T\u00e9l portable : <span id=\"eeb-164966-823372\"><\/span><script type=\"text\/javascript\">(function() {var ml=\"\",mi=\"\",o=\"\";for(var j=0,l=mi.length;j<l;j++) {o+=ml.charAt(mi.charCodeAt(j)-48);}document.getElementById(\"eeb-164966-823372\").innerHTML = decodeURIComponent(o);}());<\/script><noscript>*protected email*<\/noscript> 06 28 14 95 67 <span id=\"eeb-985768-885176\"><\/span><script type=\"text\/javascript\">(function() {var ml=\"\",mi=\"\",o=\"\";for(var j=0,l=mi.length;j<l;j++) {o+=ml.charAt(mi.charCodeAt(j)-48);}document.getElementById(\"eeb-985768-885176\").innerHTML = decodeURIComponent(o);}());<\/script><noscript>*protected email*<\/noscript><\/li>\n<li>Courriel : <a href=\"mailto:lolosam@hotmail.fr\">lolosam@hotmail.fr<\/a><\/li>\n<li>Date de fin de mandat : 03\/26<\/li>\n<\/ul>\n<\/li>\n<li class=\"hh4\" style=\"margin-bottom: 15px;\">Administrateur : Bernard VAN GHELUWE\n<ul class=\"hh5\" style=\"list-style-type: circle; margin-top: 10px;\">\n<li>Code postal : 91140<\/li>\n<li>Ville : Villebon sur Yvette<\/li>\n<li>Courriel : bernard.van-gheluwe@wanadoo.fr<\/li>\n<li>Date de fin de mandat : 03\/25<\/li>\n<\/ul>\n<\/li>\n<li class=\"hh4\" style=\"margin-bottom: 15px;\">Administratrice : Marie-Luce VAN GHELUWE\n<ul class=\"hh5\" style=\"list-style-type: circle; margin-top: 10px;\">\n<li>Code postal : 91140<\/li>\n<li>Ville : Villebon sur Yvette<\/li>\n<li>T\u00e9l portable : <span id=\"eeb-830178-396513\"><\/span><script type=\"text\/javascript\">(function() {var ml=\"\",mi=\"\",o=\"\";for(var j=0,l=mi.length;j<l;j++) {o+=ml.charAt(mi.charCodeAt(j)-48);}document.getElementById(\"eeb-830178-396513\").innerHTML = decodeURIComponent(o);}());<\/script><noscript>*protected email*<\/noscript> 06 49 69 08 02 <span id=\"eeb-317798-623236\"><\/span><script type=\"text\/javascript\">(function() {var ml=\"\",mi=\"\",o=\"\";for(var j=0,l=mi.length;j<l;j++) {o+=ml.charAt(mi.charCodeAt(j)-48);}document.getElementById(\"eeb-317798-623236\").innerHTML = decodeURIComponent(o);}());<\/script><noscript>*protected email*<\/noscript><\/li>\n<li>Courriel : mlucevangheluwe@orange.fr<\/li>\n<li>Date de fin de mandat : 03\/25<\/li>\n<\/ul>\n<\/li>\n<li class=\"hh4\" style=\"margin-bottom: 15px;\">Administratrice : Ada WRONSKA\n<ul class=\"hh5\" style=\"list-style-type: circle; margin-top: 10px;\">\n<li>Code postal : 78390<\/li>\n<li>Ville : BOIS D&rsquo;ARCY<\/li>\n<li>Date de fin de mandat : 05\/26<\/li>\n<\/ul>\n<\/li>\n<\/ul>\n<\/div>\n","protected":false},"excerpt":{"rendered":"<p>pour obtenir une pleine largeur. pour obtenir une pleine largeur. pour obtenir une pleine largeur. pour Membres d&rsquo;honneur Janine REBELO V\u00e9r\u00e9na THORN VOGT Membres du CA Pr\u00e9sidente : Claudine HUSSON Code postal : 75008 Ville : PARIS T\u00e9l portable : Courriel : Date de fin de mandat : 05\/27 Tr\u00e9sorier : Jean-Fran\u00e7ois HUSSON Code postal\u2026 <span class=\"read-more\"><a href=\"https:\/\/unenfantunefamille.org\/index.php\/notre-equipe\/\">Lire la suite &raquo;<\/a><\/span><\/p>\n","protected":false},"author":1,"featured_media":0,"parent":0,"menu_order":0,"comment_status":"closed","ping_status":"closed","template":"page-deux-sidebar.php","meta":{"footnotes":""},"class_list":["post-1256","page","type-page","status-publish","hentry"],"yoast_head":"<!-- This site is optimized with the Yoast SEO plugin v27.0 - https:\/\/yoast.com\/product\/yoast-seo-wordpress\/ -->\n<title>notre \u00e9quipe - Un Enfant Une Famille - Parrainage de proximit\u00e9, action citoyenne durable d&#039;ouverture pour les enfants en Ile de France<\/title>\n<meta name=\"robots\" content=\"index, follow, max-snippet:-1, max-image-preview:large, max-video-preview:-1\" \/>\n<link rel=\"canonical\" href=\"https:\/\/unenfantunefamille.org\/index.php\/notre-equipe\/\" \/>\n<meta property=\"og:locale\" content=\"fr_FR\" \/>\n<meta property=\"og:type\" content=\"article\" \/>\n<meta property=\"og:title\" content=\"notre \u00e9quipe - Un Enfant Une Famille - Parrainage de proximit\u00e9, action citoyenne durable d&#039;ouverture pour les enfants en Ile de France\" \/>\n<meta property=\"og:description\" content=\"pour obtenir une pleine largeur. pour obtenir une pleine largeur. pour obtenir une pleine largeur. pour Membres d&rsquo;honneur Janine REBELO V\u00e9r\u00e9na THORN VOGT Membres du CA Pr\u00e9sidente : Claudine HUSSON Code postal : 75008 Ville : PARIS T\u00e9l portable : Courriel : Date de fin de mandat : 05\/27 Tr\u00e9sorier : Jean-Fran\u00e7ois HUSSON Code postal\u2026 Lire la suite &raquo;\" \/>\n<meta property=\"og:url\" content=\"https:\/\/unenfantunefamille.org\/index.php\/notre-equipe\/\" \/>\n<meta property=\"og:site_name\" content=\"Un Enfant Une Famille - Parrainage de proximit\u00e9, action citoyenne durable d&#039;ouverture pour les enfants en Ile de France\" \/>\n<meta property=\"article:modified_time\" content=\"2024-03-22T09:18:51+00:00\" \/>\n<meta name=\"twitter:card\" content=\"summary_large_image\" \/>\n<meta name=\"twitter:label1\" content=\"Dur\u00e9e de lecture estim\u00e9e\" \/>\n\t<meta name=\"twitter:data1\" content=\"2 minutes\" \/>\n<script type=\"application\/ld+json\" class=\"yoast-schema-graph\">{\"@context\":\"https:\/\/schema.org\",\"@graph\":[{\"@type\":\"WebPage\",\"@id\":\"https:\/\/unenfantunefamille.org\/index.php\/notre-equipe\/\",\"url\":\"https:\/\/unenfantunefamille.org\/index.php\/notre-equipe\/\",\"name\":\"notre \u00e9quipe - Un Enfant Une Famille - Parrainage de proximit\u00e9, action citoyenne durable d&#039;ouverture pour les enfants en Ile de France\",\"isPartOf\":{\"@id\":\"https:\/\/unenfantunefamille.org\/#website\"},\"datePublished\":\"2016-12-04T08:57:11+00:00\",\"dateModified\":\"2024-03-22T09:18:51+00:00\",\"breadcrumb\":{\"@id\":\"https:\/\/unenfantunefamille.org\/index.php\/notre-equipe\/#breadcrumb\"},\"inLanguage\":\"fr-FR\",\"potentialAction\":[{\"@type\":\"ReadAction\",\"target\":[\"https:\/\/unenfantunefamille.org\/index.php\/notre-equipe\/\"]}]},{\"@type\":\"BreadcrumbList\",\"@id\":\"https:\/\/unenfantunefamille.org\/index.php\/notre-equipe\/#breadcrumb\",\"itemListElement\":[{\"@type\":\"ListItem\",\"position\":1,\"name\":\"Accueil\",\"item\":\"https:\/\/unenfantunefamille.org\/\"},{\"@type\":\"ListItem\",\"position\":2,\"name\":\"notre \u00e9quipe\"}]},{\"@type\":\"WebSite\",\"@id\":\"https:\/\/unenfantunefamille.org\/#website\",\"url\":\"https:\/\/unenfantunefamille.org\/\",\"name\":\"Un Enfant Une Famille - Parrainage de proximit\u00e9, action citoyenne durable d&#039;ouverture pour les enfants en Ile de France\",\"description\":\"lien affectif b\u00e9n\u00e9vole durable pour aider un enfant \u00e0 grandir\",\"potentialAction\":[{\"@type\":\"SearchAction\",\"target\":{\"@type\":\"EntryPoint\",\"urlTemplate\":\"https:\/\/unenfantunefamille.org\/?s={search_term_string}\"},\"query-input\":{\"@type\":\"PropertyValueSpecification\",\"valueRequired\":true,\"valueName\":\"search_term_string\"}}],\"inLanguage\":\"fr-FR\"}]}<\/script>\n<!-- \/ Yoast SEO plugin. -->","yoast_head_json":{"title":"notre \u00e9quipe - Un Enfant Une Famille - Parrainage de proximit\u00e9, action citoyenne durable d&#039;ouverture pour les enfants en Ile de France","robots":{"index":"index","follow":"follow","max-snippet":"max-snippet:-1","max-image-preview":"max-image-preview:large","max-video-preview":"max-video-preview:-1"},"canonical":"https:\/\/unenfantunefamille.org\/index.php\/notre-equipe\/","og_locale":"fr_FR","og_type":"article","og_title":"notre \u00e9quipe - Un Enfant Une Famille - Parrainage de proximit\u00e9, action citoyenne durable d&#039;ouverture pour les enfants en Ile de France","og_description":"pour obtenir une pleine largeur. pour obtenir une pleine largeur. pour obtenir une pleine largeur. pour Membres d&rsquo;honneur Janine REBELO V\u00e9r\u00e9na THORN VOGT Membres du CA Pr\u00e9sidente : Claudine HUSSON Code postal : 75008 Ville : PARIS T\u00e9l portable : Courriel : Date de fin de mandat : 05\/27 Tr\u00e9sorier : Jean-Fran\u00e7ois HUSSON Code postal\u2026 Lire la suite &raquo;","og_url":"https:\/\/unenfantunefamille.org\/index.php\/notre-equipe\/","og_site_name":"Un Enfant Une Famille - Parrainage de proximit\u00e9, action citoyenne durable d&#039;ouverture pour les enfants en Ile de France","article_modified_time":"2024-03-22T09:18:51+00:00","twitter_card":"summary_large_image","twitter_misc":{"Dur\u00e9e de lecture estim\u00e9e":"2 minutes"},"schema":{"@context":"https:\/\/schema.org","@graph":[{"@type":"WebPage","@id":"https:\/\/unenfantunefamille.org\/index.php\/notre-equipe\/","url":"https:\/\/unenfantunefamille.org\/index.php\/notre-equipe\/","name":"notre \u00e9quipe - Un Enfant Une Famille - Parrainage de proximit\u00e9, action citoyenne durable d&#039;ouverture pour les enfants en Ile de France","isPartOf":{"@id":"https:\/\/unenfantunefamille.org\/#website"},"datePublished":"2016-12-04T08:57:11+00:00","dateModified":"2024-03-22T09:18:51+00:00","breadcrumb":{"@id":"https:\/\/unenfantunefamille.org\/index.php\/notre-equipe\/#breadcrumb"},"inLanguage":"fr-FR","potentialAction":[{"@type":"ReadAction","target":["https:\/\/unenfantunefamille.org\/index.php\/notre-equipe\/"]}]},{"@type":"BreadcrumbList","@id":"https:\/\/unenfantunefamille.org\/index.php\/notre-equipe\/#breadcrumb","itemListElement":[{"@type":"ListItem","position":1,"name":"Accueil","item":"https:\/\/unenfantunefamille.org\/"},{"@type":"ListItem","position":2,"name":"notre \u00e9quipe"}]},{"@type":"WebSite","@id":"https:\/\/unenfantunefamille.org\/#website","url":"https:\/\/unenfantunefamille.org\/","name":"Un Enfant Une Famille - Parrainage de proximit\u00e9, action citoyenne durable d&#039;ouverture pour les enfants en Ile de France","description":"lien affectif b\u00e9n\u00e9vole durable pour aider un enfant \u00e0 grandir","potentialAction":[{"@type":"SearchAction","target":{"@type":"EntryPoint","urlTemplate":"https:\/\/unenfantunefamille.org\/?s={search_term_string}"},"query-input":{"@type":"PropertyValueSpecification","valueRequired":true,"valueName":"search_term_string"}}],"inLanguage":"fr-FR"}]}},"_links":{"self":[{"href":"https:\/\/unenfantunefamille.org\/index.php\/wp-json\/wp\/v2\/pages\/1256","targetHints":{"allow":["GET"]}}],"collection":[{"href":"https:\/\/unenfantunefamille.org\/index.php\/wp-json\/wp\/v2\/pages"}],"about":[{"href":"https:\/\/unenfantunefamille.org\/index.php\/wp-json\/wp\/v2\/types\/page"}],"author":[{"embeddable":true,"href":"https:\/\/unenfantunefamille.org\/index.php\/wp-json\/wp\/v2\/users\/1"}],"replies":[{"embeddable":true,"href":"https:\/\/unenfantunefamille.org\/index.php\/wp-json\/wp\/v2\/comments?post=1256"}],"version-history":[{"count":144,"href":"https:\/\/unenfantunefamille.org\/index.php\/wp-json\/wp\/v2\/pages\/1256\/revisions"}],"predecessor-version":[{"id":4977,"href":"https:\/\/unenfantunefamille.org\/index.php\/wp-json\/wp\/v2\/pages\/1256\/revisions\/4977"}],"wp:attachment":[{"href":"https:\/\/unenfantunefamille.org\/index.php\/wp-json\/wp\/v2\/media?parent=1256"}],"curies":[{"name":"wp","href":"https:\/\/api.w.org\/{rel}","templated":true}]}}