{"id":283,"date":"2016-10-24T10:25:49","date_gmt":"2016-10-24T08:25:49","guid":{"rendered":"http:\/\/localhost\/ueuf\/?page_id=283"},"modified":"2020-04-11T18:56:12","modified_gmt":"2020-04-11T16:56:12","slug":"nos-objectifs-vieux","status":"publish","type":"page","link":"https:\/\/unenfantunefamille.org\/index.php\/nos-objectifs-vieux\/","title":{"rendered":"Nos objectifs vieux"},"content":{"rendered":"<h2 style=\"color: #ff0000;\">Nos objectifs<\/h2>\n<p>&nbsp;<\/p>\n<ul class=\"hh4\">\n<li>Contribuer \u00e0 la recherche, \u00e0 l&rsquo;information et \u00e0 la pr\u00e9paration des familles qui souhaitent parrainer.<\/li>\n<li>Participer \u00e0 l&rsquo;organisation des parrainages et \u00e0 leur accompagnement, en relation avec les responsables de l&rsquo;enfant.<\/li>\n<li>Permettre aux familles parrainantes de se regrouper pour constituer un lieu d&rsquo;\u00e9changes et de r\u00e9flexion facilitant la recherche de solutions aux probl\u00e8mes qui leur sont sp\u00e9cifiques.<\/li>\n<li>Intervenir aupr\u00e8s des autorit\u00e9s responsables, chaque fois que n\u00e9cessaire, dans un large esprit de concertation.<\/li>\n<li>Promouvoir le parrainage sous toutes ses formes, tant aupr\u00e8s du public que des autorit\u00e9s concern\u00e9es.<\/li>\n<\/ul>\n<p><img loading=\"lazy\" decoding=\"async\" class=\"size-medium wp-image-660 aligncenter\" src=\"http:\/\/unenfantunefamille.org\/wp-content\/uploads\/2016\/10\/Aidez_enfant_grandir_sans_texte-225x300.jpg\" alt=\"aidez_enfant_grandir_sans_texte\" width=\"225\" height=\"300\" srcset=\"https:\/\/unenfantunefamille.org\/wp-content\/uploads\/2016\/10\/Aidez_enfant_grandir_sans_texte-225x300.jpg 225w, https:\/\/unenfantunefamille.org\/wp-content\/uploads\/2016\/10\/Aidez_enfant_grandir_sans_texte.jpg 369w\" sizes=\"auto, (max-width: 225px) 100vw, 225px\" \/><\/p>\n<p><span class=\"hh4\"><br \/>\nL&rsquo;association est administr\u00e9e actuellement par des b\u00e9n\u00e9voles. Ses ressources proviennent essentiellement de la cotisation annuelle des membres de l\u2019association, compl\u00e9t\u00e9es par quelques dons et subventions.<br \/>\nSon action s&rsquo;exerce en r\u00e9gion Parisienne (D\u00e9p 75, 77, 78, 91, 92, 93, 94, et 95).<br \/>\n<\/span><\/p>\n","protected":false},"excerpt":{"rendered":"<p>Nos objectifs &nbsp; Contribuer \u00e0 la recherche, \u00e0 l&rsquo;information et \u00e0 la pr\u00e9paration des familles qui souhaitent parrainer. Participer \u00e0 l&rsquo;organisation des parrainages et \u00e0 leur accompagnement, en relation avec les responsables de l&rsquo;enfant. Permettre aux familles parrainantes de se regrouper pour constituer un lieu d&rsquo;\u00e9changes et de r\u00e9flexion facilitant la recherche de solutions aux\u2026 <span class=\"read-more\"><a href=\"https:\/\/unenfantunefamille.org\/index.php\/nos-objectifs-vieux\/\">Lire la suite &raquo;<\/a><\/span><\/p>\n","protected":false},"author":1,"featured_media":0,"parent":0,"menu_order":0,"comment_status":"closed","ping_status":"closed","template":"page-templates\/full-width.php","meta":{"footnotes":""},"class_list":["post-283","page","type-page","status-publish","hentry"],"yoast_head":"<!-- This site is optimized with the Yoast SEO plugin v27.0 - https:\/\/yoast.com\/product\/yoast-seo-wordpress\/ -->\n<title>Nos objectifs vieux - Un Enfant Une Famille - Parrainage de proximit\u00e9, action citoyenne durable d&#039;ouverture pour les enfants en Ile de France<\/title>\n<meta name=\"robots\" content=\"index, follow, max-snippet:-1, max-image-preview:large, max-video-preview:-1\" \/>\n<link rel=\"canonical\" href=\"https:\/\/unenfantunefamille.org\/index.php\/nos-objectifs-vieux\/\" \/>\n<meta property=\"og:locale\" content=\"fr_FR\" \/>\n<meta property=\"og:type\" content=\"article\" \/>\n<meta property=\"og:title\" content=\"Nos objectifs vieux - Un Enfant Une Famille - Parrainage de proximit\u00e9, action citoyenne durable d&#039;ouverture pour les enfants en Ile de France\" \/>\n<meta property=\"og:description\" content=\"Nos objectifs &nbsp; Contribuer \u00e0 la recherche, \u00e0 l&rsquo;information et \u00e0 la pr\u00e9paration des familles qui souhaitent parrainer. Participer \u00e0 l&rsquo;organisation des parrainages et \u00e0 leur accompagnement, en relation avec les responsables de l&rsquo;enfant. Permettre aux familles parrainantes de se regrouper pour constituer un lieu d&rsquo;\u00e9changes et de r\u00e9flexion facilitant la recherche de solutions aux\u2026 Lire la suite &raquo;\" \/>\n<meta property=\"og:url\" content=\"https:\/\/unenfantunefamille.org\/index.php\/nos-objectifs-vieux\/\" \/>\n<meta property=\"og:site_name\" content=\"Un Enfant Une Famille - Parrainage de proximit\u00e9, action citoyenne durable d&#039;ouverture pour les enfants en Ile de France\" \/>\n<meta property=\"article:modified_time\" content=\"2020-04-11T16:56:12+00:00\" \/>\n<meta property=\"og:image\" content=\"http:\/\/unenfantunefamille.org\/wp-content\/uploads\/2016\/10\/Aidez_enfant_grandir_sans_texte-225x300.jpg\" \/>\n<meta name=\"twitter:card\" content=\"summary_large_image\" \/>\n<meta name=\"twitter:label1\" content=\"Dur\u00e9e de lecture estim\u00e9e\" \/>\n\t<meta name=\"twitter:data1\" content=\"1 minute\" \/>\n<script type=\"application\/ld+json\" class=\"yoast-schema-graph\">{\"@context\":\"https:\/\/schema.org\",\"@graph\":[{\"@type\":\"WebPage\",\"@id\":\"https:\/\/unenfantunefamille.org\/index.php\/nos-objectifs-vieux\/\",\"url\":\"https:\/\/unenfantunefamille.org\/index.php\/nos-objectifs-vieux\/\",\"name\":\"Nos objectifs vieux - Un Enfant Une Famille - Parrainage de proximit\u00e9, action citoyenne durable d&#039;ouverture pour les enfants en Ile de France\",\"isPartOf\":{\"@id\":\"https:\/\/unenfantunefamille.org\/#website\"},\"primaryImageOfPage\":{\"@id\":\"https:\/\/unenfantunefamille.org\/index.php\/nos-objectifs-vieux\/#primaryimage\"},\"image\":{\"@id\":\"https:\/\/unenfantunefamille.org\/index.php\/nos-objectifs-vieux\/#primaryimage\"},\"thumbnailUrl\":\"http:\/\/unenfantunefamille.org\/wp-content\/uploads\/2016\/10\/Aidez_enfant_grandir_sans_texte-225x300.jpg\",\"datePublished\":\"2016-10-24T08:25:49+00:00\",\"dateModified\":\"2020-04-11T16:56:12+00:00\",\"breadcrumb\":{\"@id\":\"https:\/\/unenfantunefamille.org\/index.php\/nos-objectifs-vieux\/#breadcrumb\"},\"inLanguage\":\"fr-FR\",\"potentialAction\":[{\"@type\":\"ReadAction\",\"target\":[\"https:\/\/unenfantunefamille.org\/index.php\/nos-objectifs-vieux\/\"]}]},{\"@type\":\"ImageObject\",\"inLanguage\":\"fr-FR\",\"@id\":\"https:\/\/unenfantunefamille.org\/index.php\/nos-objectifs-vieux\/#primaryimage\",\"url\":\"https:\/\/unenfantunefamille.org\/wp-content\/uploads\/2016\/10\/Aidez_enfant_grandir_sans_texte.jpg\",\"contentUrl\":\"https:\/\/unenfantunefamille.org\/wp-content\/uploads\/2016\/10\/Aidez_enfant_grandir_sans_texte.jpg\",\"width\":369,\"height\":491},{\"@type\":\"BreadcrumbList\",\"@id\":\"https:\/\/unenfantunefamille.org\/index.php\/nos-objectifs-vieux\/#breadcrumb\",\"itemListElement\":[{\"@type\":\"ListItem\",\"position\":1,\"name\":\"Accueil\",\"item\":\"https:\/\/unenfantunefamille.org\/\"},{\"@type\":\"ListItem\",\"position\":2,\"name\":\"Nos objectifs vieux\"}]},{\"@type\":\"WebSite\",\"@id\":\"https:\/\/unenfantunefamille.org\/#website\",\"url\":\"https:\/\/unenfantunefamille.org\/\",\"name\":\"Un Enfant Une Famille - Parrainage de proximit\u00e9, action citoyenne durable d&#039;ouverture pour les enfants en Ile de France\",\"description\":\"lien affectif b\u00e9n\u00e9vole durable pour aider un enfant \u00e0 grandir\",\"potentialAction\":[{\"@type\":\"SearchAction\",\"target\":{\"@type\":\"EntryPoint\",\"urlTemplate\":\"https:\/\/unenfantunefamille.org\/?s={search_term_string}\"},\"query-input\":{\"@type\":\"PropertyValueSpecification\",\"valueRequired\":true,\"valueName\":\"search_term_string\"}}],\"inLanguage\":\"fr-FR\"}]}<\/script>\n<!-- \/ Yoast SEO plugin. -->","yoast_head_json":{"title":"Nos objectifs vieux - Un Enfant Une Famille - Parrainage de proximit\u00e9, action citoyenne durable d&#039;ouverture pour les enfants en Ile de France","robots":{"index":"index","follow":"follow","max-snippet":"max-snippet:-1","max-image-preview":"max-image-preview:large","max-video-preview":"max-video-preview:-1"},"canonical":"https:\/\/unenfantunefamille.org\/index.php\/nos-objectifs-vieux\/","og_locale":"fr_FR","og_type":"article","og_title":"Nos objectifs vieux - Un Enfant Une Famille - Parrainage de proximit\u00e9, action citoyenne durable d&#039;ouverture pour les enfants en Ile de France","og_description":"Nos objectifs &nbsp; Contribuer \u00e0 la recherche, \u00e0 l&rsquo;information et \u00e0 la pr\u00e9paration des familles qui souhaitent parrainer. Participer \u00e0 l&rsquo;organisation des parrainages et \u00e0 leur accompagnement, en relation avec les responsables de l&rsquo;enfant. Permettre aux familles parrainantes de se regrouper pour constituer un lieu d&rsquo;\u00e9changes et de r\u00e9flexion facilitant la recherche de solutions aux\u2026 Lire la suite &raquo;","og_url":"https:\/\/unenfantunefamille.org\/index.php\/nos-objectifs-vieux\/","og_site_name":"Un Enfant Une Famille - Parrainage de proximit\u00e9, action citoyenne durable d&#039;ouverture pour les enfants en Ile de France","article_modified_time":"2020-04-11T16:56:12+00:00","og_image":[{"url":"http:\/\/unenfantunefamille.org\/wp-content\/uploads\/2016\/10\/Aidez_enfant_grandir_sans_texte-225x300.jpg","type":"","width":"","height":""}],"twitter_card":"summary_large_image","twitter_misc":{"Dur\u00e9e de lecture estim\u00e9e":"1 minute"},"schema":{"@context":"https:\/\/schema.org","@graph":[{"@type":"WebPage","@id":"https:\/\/unenfantunefamille.org\/index.php\/nos-objectifs-vieux\/","url":"https:\/\/unenfantunefamille.org\/index.php\/nos-objectifs-vieux\/","name":"Nos objectifs vieux - Un Enfant Une Famille - Parrainage de proximit\u00e9, action citoyenne durable d&#039;ouverture pour les enfants en Ile de France","isPartOf":{"@id":"https:\/\/unenfantunefamille.org\/#website"},"primaryImageOfPage":{"@id":"https:\/\/unenfantunefamille.org\/index.php\/nos-objectifs-vieux\/#primaryimage"},"image":{"@id":"https:\/\/unenfantunefamille.org\/index.php\/nos-objectifs-vieux\/#primaryimage"},"thumbnailUrl":"http:\/\/unenfantunefamille.org\/wp-content\/uploads\/2016\/10\/Aidez_enfant_grandir_sans_texte-225x300.jpg","datePublished":"2016-10-24T08:25:49+00:00","dateModified":"2020-04-11T16:56:12+00:00","breadcrumb":{"@id":"https:\/\/unenfantunefamille.org\/index.php\/nos-objectifs-vieux\/#breadcrumb"},"inLanguage":"fr-FR","potentialAction":[{"@type":"ReadAction","target":["https:\/\/unenfantunefamille.org\/index.php\/nos-objectifs-vieux\/"]}]},{"@type":"ImageObject","inLanguage":"fr-FR","@id":"https:\/\/unenfantunefamille.org\/index.php\/nos-objectifs-vieux\/#primaryimage","url":"https:\/\/unenfantunefamille.org\/wp-content\/uploads\/2016\/10\/Aidez_enfant_grandir_sans_texte.jpg","contentUrl":"https:\/\/unenfantunefamille.org\/wp-content\/uploads\/2016\/10\/Aidez_enfant_grandir_sans_texte.jpg","width":369,"height":491},{"@type":"BreadcrumbList","@id":"https:\/\/unenfantunefamille.org\/index.php\/nos-objectifs-vieux\/#breadcrumb","itemListElement":[{"@type":"ListItem","position":1,"name":"Accueil","item":"https:\/\/unenfantunefamille.org\/"},{"@type":"ListItem","position":2,"name":"Nos objectifs vieux"}]},{"@type":"WebSite","@id":"https:\/\/unenfantunefamille.org\/#website","url":"https:\/\/unenfantunefamille.org\/","name":"Un Enfant Une Famille - Parrainage de proximit\u00e9, action citoyenne durable d&#039;ouverture pour les enfants en Ile de France","description":"lien affectif b\u00e9n\u00e9vole durable pour aider un enfant \u00e0 grandir","potentialAction":[{"@type":"SearchAction","target":{"@type":"EntryPoint","urlTemplate":"https:\/\/unenfantunefamille.org\/?s={search_term_string}"},"query-input":{"@type":"PropertyValueSpecification","valueRequired":true,"valueName":"search_term_string"}}],"inLanguage":"fr-FR"}]}},"_links":{"self":[{"href":"https:\/\/unenfantunefamille.org\/index.php\/wp-json\/wp\/v2\/pages\/283","targetHints":{"allow":["GET"]}}],"collection":[{"href":"https:\/\/unenfantunefamille.org\/index.php\/wp-json\/wp\/v2\/pages"}],"about":[{"href":"https:\/\/unenfantunefamille.org\/index.php\/wp-json\/wp\/v2\/types\/page"}],"author":[{"embeddable":true,"href":"https:\/\/unenfantunefamille.org\/index.php\/wp-json\/wp\/v2\/users\/1"}],"replies":[{"embeddable":true,"href":"https:\/\/unenfantunefamille.org\/index.php\/wp-json\/wp\/v2\/comments?post=283"}],"version-history":[{"count":3,"href":"https:\/\/unenfantunefamille.org\/index.php\/wp-json\/wp\/v2\/pages\/283\/revisions"}],"predecessor-version":[{"id":2960,"href":"https:\/\/unenfantunefamille.org\/index.php\/wp-json\/wp\/v2\/pages\/283\/revisions\/2960"}],"wp:attachment":[{"href":"https:\/\/unenfantunefamille.org\/index.php\/wp-json\/wp\/v2\/media?parent=283"}],"curies":[{"name":"wp","href":"https:\/\/api.w.org\/{rel}","templated":true}]}}