{"id":4361,"date":"2022-10-19T17:45:17","date_gmt":"2022-10-19T15:45:17","guid":{"rendered":"https:\/\/unenfantunefamille.org\/?page_id=4361"},"modified":"2024-12-07T12:48:58","modified_gmt":"2024-12-07T11:48:58","slug":"les_campanules","status":"publish","type":"page","link":"https:\/\/unenfantunefamille.org\/index.php\/les_campanules\/","title":{"rendered":"Partenariat Les Campanules"},"content":{"rendered":"<h3 style=\"text-align: center;\">F\u00eate du Marrainage aux Campanules<\/h3>\n\n<div class=\"wp-block-image\">\n<figure class=\"aligncenter size-full\"><img loading=\"lazy\" decoding=\"async\" width=\"746\" height=\"558\" src=\"https:\/\/unenfantunefamille.org\/wp-content\/uploads\/2022\/10\/article_APPH.jpg\" alt=\"\" class=\"wp-image-4362\" srcset=\"https:\/\/unenfantunefamille.org\/wp-content\/uploads\/2022\/10\/article_APPH.jpg 746w, https:\/\/unenfantunefamille.org\/wp-content\/uploads\/2022\/10\/article_APPH-500x374.jpg 500w, https:\/\/unenfantunefamille.org\/wp-content\/uploads\/2022\/10\/article_APPH-660x494.jpg 660w\" sizes=\"auto, (max-width: 746px) 100vw, 746px\" \/><\/figure>\n<\/div>\n\n\n<figure class=\"wp-block-gallery has-nested-images columns-default is-cropped wp-block-gallery-1 is-layout-flex wp-block-gallery-is-layout-flex\">\n<figure class=\"wp-block-image size-large\"><img loading=\"lazy\" decoding=\"async\" width=\"951\" height=\"1209\" data-id=\"4365\" src=\"https:\/\/unenfantunefamille.org\/wp-content\/uploads\/2022\/10\/ines_.jpg\" alt=\"\" class=\"wp-image-4365\" srcset=\"https:\/\/unenfantunefamille.org\/wp-content\/uploads\/2022\/10\/ines_.jpg 951w, https:\/\/unenfantunefamille.org\/wp-content\/uploads\/2022\/10\/ines_-393x500.jpg 393w, https:\/\/unenfantunefamille.org\/wp-content\/uploads\/2022\/10\/ines_-805x1024.jpg 805w, https:\/\/unenfantunefamille.org\/wp-content\/uploads\/2022\/10\/ines_-768x976.jpg 768w, https:\/\/unenfantunefamille.org\/wp-content\/uploads\/2022\/10\/ines_-660x839.jpg 660w\" sizes=\"auto, (max-width: 951px) 100vw, 951px\" \/><\/figure>\n\n\n\n<figure class=\"wp-block-image size-large\"><img loading=\"lazy\" decoding=\"async\" width=\"2560\" height=\"1920\" data-id=\"4363\" src=\"https:\/\/unenfantunefamille.org\/wp-content\/uploads\/2022\/10\/20220916_101347-scaled.jpg\" alt=\"\" class=\"wp-image-4363\" srcset=\"https:\/\/unenfantunefamille.org\/wp-content\/uploads\/2022\/10\/20220916_101347-scaled.jpg 2560w, https:\/\/unenfantunefamille.org\/wp-content\/uploads\/2022\/10\/20220916_101347-500x375.jpg 500w, https:\/\/unenfantunefamille.org\/wp-content\/uploads\/2022\/10\/20220916_101347-1024x768.jpg 1024w, https:\/\/unenfantunefamille.org\/wp-content\/uploads\/2022\/10\/20220916_101347-768x576.jpg 768w, https:\/\/unenfantunefamille.org\/wp-content\/uploads\/2022\/10\/20220916_101347-1536x1152.jpg 1536w, https:\/\/unenfantunefamille.org\/wp-content\/uploads\/2022\/10\/20220916_101347-2048x1536.jpg 2048w, https:\/\/unenfantunefamille.org\/wp-content\/uploads\/2022\/10\/20220916_101347-660x495.jpg 660w\" sizes=\"auto, (max-width: 2560px) 100vw, 2560px\" \/><\/figure>\n\n\n\n<figure class=\"wp-block-image size-large\"><img loading=\"lazy\" decoding=\"async\" width=\"1221\" height=\"1776\" data-id=\"4364\" src=\"https:\/\/unenfantunefamille.org\/wp-content\/uploads\/2022\/10\/verena_ines.jpg\" alt=\"\" class=\"wp-image-4364\" srcset=\"https:\/\/unenfantunefamille.org\/wp-content\/uploads\/2022\/10\/verena_ines.jpg 1221w, https:\/\/unenfantunefamille.org\/wp-content\/uploads\/2022\/10\/verena_ines-344x500.jpg 344w, https:\/\/unenfantunefamille.org\/wp-content\/uploads\/2022\/10\/verena_ines-704x1024.jpg 704w, https:\/\/unenfantunefamille.org\/wp-content\/uploads\/2022\/10\/verena_ines-768x1117.jpg 768w, https:\/\/unenfantunefamille.org\/wp-content\/uploads\/2022\/10\/verena_ines-1056x1536.jpg 1056w, https:\/\/unenfantunefamille.org\/wp-content\/uploads\/2022\/10\/verena_ines-660x960.jpg 660w\" sizes=\"auto, (max-width: 1221px) 100vw, 1221px\" \/><\/figure>\n<\/figure>\n","protected":false},"excerpt":{"rendered":"<p>F\u00eate du Marrainage aux Campanules<\/p>\n","protected":false},"author":1,"featured_media":0,"parent":0,"menu_order":0,"comment_status":"closed","ping_status":"closed","template":"page-une-sidebare.php","meta":{"footnotes":""},"class_list":["post-4361","page","type-page","status-publish","hentry"],"yoast_head":"<!-- This site is optimized with the Yoast SEO plugin v27.0 - https:\/\/yoast.com\/product\/yoast-seo-wordpress\/ -->\n<title>Partenariat Les Campanules - Un Enfant Une Famille - Parrainage de proximit\u00e9, action citoyenne durable d&#039;ouverture pour les enfants en Ile de France<\/title>\n<meta name=\"robots\" content=\"index, follow, max-snippet:-1, max-image-preview:large, max-video-preview:-1\" \/>\n<link rel=\"canonical\" href=\"https:\/\/unenfantunefamille.org\/index.php\/les_campanules\/\" \/>\n<meta property=\"og:locale\" content=\"fr_FR\" \/>\n<meta property=\"og:type\" content=\"article\" \/>\n<meta property=\"og:title\" content=\"Partenariat Les Campanules - Un Enfant Une Famille - Parrainage de proximit\u00e9, action citoyenne durable d&#039;ouverture pour les enfants en Ile de France\" \/>\n<meta property=\"og:description\" content=\"F\u00eate du Marrainage aux Campanules\" \/>\n<meta property=\"og:url\" content=\"https:\/\/unenfantunefamille.org\/index.php\/les_campanules\/\" \/>\n<meta property=\"og:site_name\" content=\"Un Enfant Une Famille - Parrainage de proximit\u00e9, action citoyenne durable d&#039;ouverture pour les enfants en Ile de France\" \/>\n<meta property=\"article:modified_time\" content=\"2024-12-07T11:48:58+00:00\" \/>\n<meta property=\"og:image\" content=\"https:\/\/unenfantunefamille.org\/wp-content\/uploads\/2022\/10\/article_APPH.jpg\" \/>\n\t<meta property=\"og:image:width\" content=\"746\" \/>\n\t<meta property=\"og:image:height\" content=\"558\" \/>\n\t<meta property=\"og:image:type\" content=\"image\/jpeg\" \/>\n<meta name=\"twitter:card\" content=\"summary_large_image\" \/>\n<meta name=\"twitter:label1\" content=\"Dur\u00e9e de lecture estim\u00e9e\" \/>\n\t<meta name=\"twitter:data1\" content=\"1 minute\" \/>\n<script type=\"application\/ld+json\" class=\"yoast-schema-graph\">{\"@context\":\"https:\/\/schema.org\",\"@graph\":[{\"@type\":\"WebPage\",\"@id\":\"https:\/\/unenfantunefamille.org\/index.php\/les_campanules\/\",\"url\":\"https:\/\/unenfantunefamille.org\/index.php\/les_campanules\/\",\"name\":\"Partenariat Les Campanules - Un Enfant Une Famille - Parrainage de proximit\u00e9, action citoyenne durable d&#039;ouverture pour les enfants en Ile de France\",\"isPartOf\":{\"@id\":\"https:\/\/unenfantunefamille.org\/#website\"},\"primaryImageOfPage\":{\"@id\":\"https:\/\/unenfantunefamille.org\/index.php\/les_campanules\/#primaryimage\"},\"image\":{\"@id\":\"https:\/\/unenfantunefamille.org\/index.php\/les_campanules\/#primaryimage\"},\"thumbnailUrl\":\"https:\/\/unenfantunefamille.org\/wp-content\/uploads\/2022\/10\/article_APPH.jpg\",\"datePublished\":\"2022-10-19T15:45:17+00:00\",\"dateModified\":\"2024-12-07T11:48:58+00:00\",\"breadcrumb\":{\"@id\":\"https:\/\/unenfantunefamille.org\/index.php\/les_campanules\/#breadcrumb\"},\"inLanguage\":\"fr-FR\",\"potentialAction\":[{\"@type\":\"ReadAction\",\"target\":[\"https:\/\/unenfantunefamille.org\/index.php\/les_campanules\/\"]}]},{\"@type\":\"ImageObject\",\"inLanguage\":\"fr-FR\",\"@id\":\"https:\/\/unenfantunefamille.org\/index.php\/les_campanules\/#primaryimage\",\"url\":\"https:\/\/unenfantunefamille.org\/wp-content\/uploads\/2022\/10\/article_APPH.jpg\",\"contentUrl\":\"https:\/\/unenfantunefamille.org\/wp-content\/uploads\/2022\/10\/article_APPH.jpg\",\"width\":746,\"height\":558},{\"@type\":\"BreadcrumbList\",\"@id\":\"https:\/\/unenfantunefamille.org\/index.php\/les_campanules\/#breadcrumb\",\"itemListElement\":[{\"@type\":\"ListItem\",\"position\":1,\"name\":\"Accueil\",\"item\":\"https:\/\/unenfantunefamille.org\/\"},{\"@type\":\"ListItem\",\"position\":2,\"name\":\"Partenariat Les Campanules\"}]},{\"@type\":\"WebSite\",\"@id\":\"https:\/\/unenfantunefamille.org\/#website\",\"url\":\"https:\/\/unenfantunefamille.org\/\",\"name\":\"Un Enfant Une Famille - Parrainage de proximit\u00e9, action citoyenne durable d&#039;ouverture pour les enfants en Ile de France\",\"description\":\"lien affectif b\u00e9n\u00e9vole durable pour aider un enfant \u00e0 grandir\",\"potentialAction\":[{\"@type\":\"SearchAction\",\"target\":{\"@type\":\"EntryPoint\",\"urlTemplate\":\"https:\/\/unenfantunefamille.org\/?s={search_term_string}\"},\"query-input\":{\"@type\":\"PropertyValueSpecification\",\"valueRequired\":true,\"valueName\":\"search_term_string\"}}],\"inLanguage\":\"fr-FR\"}]}<\/script>\n<!-- \/ Yoast SEO plugin. -->","yoast_head_json":{"title":"Partenariat Les Campanules - Un Enfant Une Famille - Parrainage de proximit\u00e9, action citoyenne durable d&#039;ouverture pour les enfants en Ile de France","robots":{"index":"index","follow":"follow","max-snippet":"max-snippet:-1","max-image-preview":"max-image-preview:large","max-video-preview":"max-video-preview:-1"},"canonical":"https:\/\/unenfantunefamille.org\/index.php\/les_campanules\/","og_locale":"fr_FR","og_type":"article","og_title":"Partenariat Les Campanules - Un Enfant Une Famille - Parrainage de proximit\u00e9, action citoyenne durable d&#039;ouverture pour les enfants en Ile de France","og_description":"F\u00eate du Marrainage aux Campanules","og_url":"https:\/\/unenfantunefamille.org\/index.php\/les_campanules\/","og_site_name":"Un Enfant Une Famille - Parrainage de proximit\u00e9, action citoyenne durable d&#039;ouverture pour les enfants en Ile de France","article_modified_time":"2024-12-07T11:48:58+00:00","og_image":[{"width":746,"height":558,"url":"https:\/\/unenfantunefamille.org\/wp-content\/uploads\/2022\/10\/article_APPH.jpg","type":"image\/jpeg"}],"twitter_card":"summary_large_image","twitter_misc":{"Dur\u00e9e de lecture estim\u00e9e":"1 minute"},"schema":{"@context":"https:\/\/schema.org","@graph":[{"@type":"WebPage","@id":"https:\/\/unenfantunefamille.org\/index.php\/les_campanules\/","url":"https:\/\/unenfantunefamille.org\/index.php\/les_campanules\/","name":"Partenariat Les Campanules - Un Enfant Une Famille - Parrainage de proximit\u00e9, action citoyenne durable d&#039;ouverture pour les enfants en Ile de France","isPartOf":{"@id":"https:\/\/unenfantunefamille.org\/#website"},"primaryImageOfPage":{"@id":"https:\/\/unenfantunefamille.org\/index.php\/les_campanules\/#primaryimage"},"image":{"@id":"https:\/\/unenfantunefamille.org\/index.php\/les_campanules\/#primaryimage"},"thumbnailUrl":"https:\/\/unenfantunefamille.org\/wp-content\/uploads\/2022\/10\/article_APPH.jpg","datePublished":"2022-10-19T15:45:17+00:00","dateModified":"2024-12-07T11:48:58+00:00","breadcrumb":{"@id":"https:\/\/unenfantunefamille.org\/index.php\/les_campanules\/#breadcrumb"},"inLanguage":"fr-FR","potentialAction":[{"@type":"ReadAction","target":["https:\/\/unenfantunefamille.org\/index.php\/les_campanules\/"]}]},{"@type":"ImageObject","inLanguage":"fr-FR","@id":"https:\/\/unenfantunefamille.org\/index.php\/les_campanules\/#primaryimage","url":"https:\/\/unenfantunefamille.org\/wp-content\/uploads\/2022\/10\/article_APPH.jpg","contentUrl":"https:\/\/unenfantunefamille.org\/wp-content\/uploads\/2022\/10\/article_APPH.jpg","width":746,"height":558},{"@type":"BreadcrumbList","@id":"https:\/\/unenfantunefamille.org\/index.php\/les_campanules\/#breadcrumb","itemListElement":[{"@type":"ListItem","position":1,"name":"Accueil","item":"https:\/\/unenfantunefamille.org\/"},{"@type":"ListItem","position":2,"name":"Partenariat Les Campanules"}]},{"@type":"WebSite","@id":"https:\/\/unenfantunefamille.org\/#website","url":"https:\/\/unenfantunefamille.org\/","name":"Un Enfant Une Famille - Parrainage de proximit\u00e9, action citoyenne durable d&#039;ouverture pour les enfants en Ile de France","description":"lien affectif b\u00e9n\u00e9vole durable pour aider un enfant \u00e0 grandir","potentialAction":[{"@type":"SearchAction","target":{"@type":"EntryPoint","urlTemplate":"https:\/\/unenfantunefamille.org\/?s={search_term_string}"},"query-input":{"@type":"PropertyValueSpecification","valueRequired":true,"valueName":"search_term_string"}}],"inLanguage":"fr-FR"}]}},"_links":{"self":[{"href":"https:\/\/unenfantunefamille.org\/index.php\/wp-json\/wp\/v2\/pages\/4361","targetHints":{"allow":["GET"]}}],"collection":[{"href":"https:\/\/unenfantunefamille.org\/index.php\/wp-json\/wp\/v2\/pages"}],"about":[{"href":"https:\/\/unenfantunefamille.org\/index.php\/wp-json\/wp\/v2\/types\/page"}],"author":[{"embeddable":true,"href":"https:\/\/unenfantunefamille.org\/index.php\/wp-json\/wp\/v2\/users\/1"}],"replies":[{"embeddable":true,"href":"https:\/\/unenfantunefamille.org\/index.php\/wp-json\/wp\/v2\/comments?post=4361"}],"version-history":[{"count":2,"href":"https:\/\/unenfantunefamille.org\/index.php\/wp-json\/wp\/v2\/pages\/4361\/revisions"}],"predecessor-version":[{"id":4398,"href":"https:\/\/unenfantunefamille.org\/index.php\/wp-json\/wp\/v2\/pages\/4361\/revisions\/4398"}],"wp:attachment":[{"href":"https:\/\/unenfantunefamille.org\/index.php\/wp-json\/wp\/v2\/media?parent=4361"}],"curies":[{"name":"wp","href":"https:\/\/api.w.org\/{rel}","templated":true}]}}