{"id":5469,"date":"2026-02-14T15:27:00","date_gmt":"2026-02-14T14:27:00","guid":{"rendered":"https:\/\/unenfantunefamille.org\/?page_id=5469"},"modified":"2026-02-14T15:28:44","modified_gmt":"2026-02-14T14:28:44","slug":"demanade-de-parrainage-mineur","status":"publish","type":"page","link":"https:\/\/unenfantunefamille.org\/index.php\/demanade-de-parrainage-mineur\/","title":{"rendered":"Demande de Parrainage mineur"},"content":{"rendered":"<div class=encadre> DEMANDE DE PARRAINAGE (mineur)<\/div>\n\n<div class=\"wpcf7 no-js\" id=\"wpcf7-f5468-o1\" lang=\"fr-FR\" dir=\"ltr\" data-wpcf7-id=\"5468\">\n<div class=\"screen-reader-response\"><p role=\"status\" aria-live=\"polite\" aria-atomic=\"true\"><\/p> <ul><\/ul><\/div>\n<form action=\"\/index.php\/wp-json\/wp\/v2\/pages\/5469#wpcf7-f5468-o1\" method=\"post\" class=\"wpcf7-form init\" aria-label=\"Formulaire de contact\" enctype=\"multipart\/form-data\" novalidate=\"novalidate\" data-status=\"init\">\n<fieldset class=\"hidden-fields-container\"><input type=\"hidden\" name=\"_wpcf7\" value=\"5468\" \/><input type=\"hidden\" name=\"_wpcf7_version\" value=\"6.1.5\" \/><input type=\"hidden\" name=\"_wpcf7_locale\" value=\"fr_FR\" \/><input type=\"hidden\" name=\"_wpcf7_unit_tag\" value=\"wpcf7-f5468-o1\" \/><input type=\"hidden\" name=\"_wpcf7_container_post\" value=\"0\" \/><input type=\"hidden\" name=\"_wpcf7_posted_data_hash\" value=\"\" \/><input type=\"hidden\" name=\"redirect_nonce\" value=\"c16da4ff90\" \/><input type=\"hidden\" name=\"wpcf7cfpdf_hidden_name\" value=\"document-pdf-demande-prenom-nom\" \/><input type=\"hidden\" name=\"wpcf7cfpdf_hidden_reference\" value=\"fda1ddfb\" \/><input type=\"hidden\" name=\"wpcf7cfpdf_hidden_date\" value=\"15avril2026\" \/><input type=\"hidden\" name=\"_wpcf7_recaptcha_response\" value=\"\" \/>\n<\/fieldset>\n<p>(*) : champs obligatoires<br \/>\n&nbsp;&nbsp;&nbsp;\n<\/p>\n<p><label>Nom du mineur (*) <span class=\"wpcf7-form-control-wrap\" data-name=\"Nom\"><input size=\"40\" maxlength=\"400\" class=\"wpcf7-form-control wpcf7-text wpcf7-validates-as-required fnom\" aria-required=\"true\" aria-invalid=\"false\" value=\"\" type=\"text\" name=\"Nom\" \/><\/span><\/label><label> Pr\u00e9nom(s) (*) <span class=\"wpcf7-form-control-wrap\" data-name=\"prenom\"><input size=\"40\" maxlength=\"400\" class=\"wpcf7-form-control wpcf7-text wpcf7-validates-as-required fnom\" aria-required=\"true\" aria-invalid=\"false\" value=\"\" type=\"text\" name=\"prenom\" \/><\/span><\/label><br \/>\n<label> Sexe (*) <span class=\"wpcf7-form-control-wrap\" data-name=\"sexe\"><select class=\"wpcf7-form-control wpcf7-select\" aria-invalid=\"false\" name=\"sexe\"><option value=\"M\">M<\/option><option value=\"F\">F<\/option><\/select><\/span><\/label><label> Age (*) <span class=\"wpcf7-form-control-wrap\" data-name=\"Age\"><input size=\"40\" maxlength=\"400\" class=\"wpcf7-form-control wpcf7-text wpcf7-validates-as-required fage\" aria-required=\"true\" aria-invalid=\"false\" value=\"\" type=\"text\" name=\"Age\" \/><\/span><\/label>\n<\/p>\n<p><label> Date de Naissance (*) <span class=\"wpcf7-form-control-wrap\" data-name=\"naissance\"><input class=\"wpcf7-form-control wpcf7-date wpcf7-validates-as-required wpcf7-validates-as-date\" aria-required=\"true\" aria-invalid=\"false\" value=\"\" type=\"date\" name=\"naissance\" \/><\/span><\/label>\n<\/p>\n<p><label> Lieu de naissance (*)<span class=\"wpcf7-form-control-wrap\" data-name=\"LieuNaiss\"><input size=\"40\" maxlength=\"400\" class=\"wpcf7-form-control wpcf7-text wpcf7-validates-as-required fnom\" aria-required=\"true\" aria-invalid=\"false\" value=\"\" type=\"text\" name=\"LieuNaiss\" \/><\/span><\/label>\n<\/p>\n<p><label> Nationalit\u00e9 (*) <span class=\"wpcf7-form-control-wrap\" data-name=\"Nationalite\"><input size=\"15\" maxlength=\"400\" class=\"wpcf7-form-control wpcf7-text wpcf7-validates-as-required\" aria-required=\"true\" aria-invalid=\"false\" value=\"\" type=\"text\" name=\"Nationalite\" \/><\/span><\/label>\n<\/p>\n<p><label> Lieu de vie actuel du mineur (*) <span class=\"wpcf7-form-control-wrap\" data-name=\"LieuDeVie\"><input size=\"40\" maxlength=\"400\" class=\"wpcf7-form-control wpcf7-text wpcf7-validates-as-required\" aria-required=\"true\" aria-invalid=\"false\" value=\"\" type=\"text\" name=\"LieuDeVie\" \/><\/span><\/label>\n<\/p>\n<p><strong> Identit\u00e9 du ou des parents de l'enfant<\/strong>\n<\/p>\n<div class=\"fcontainer\">\n\t<div class=\"fleft\">\n\t\t<p><label> Nom<br \/>\n<span class=\"wpcf7-form-control-wrap\" data-name=\"Noma\"><input size=\"40\" maxlength=\"400\" class=\"wpcf7-form-control wpcf7-text fnom2\" aria-invalid=\"false\" value=\"\" type=\"text\" name=\"Noma\" \/><\/span><\/label><br \/>\n<label> Pr\u00e9nom(s)<br \/>\n<span class=\"wpcf7-form-control-wrap\" data-name=\"prenoma\"><input size=\"40\" maxlength=\"400\" class=\"wpcf7-form-control wpcf7-text fnom2\" aria-invalid=\"false\" value=\"\" type=\"text\" name=\"prenoma\" \/><\/span><\/label>\n\t\t<\/p>\n\t\t<p><label> Adresse<br \/>\n<span class=\"wpcf7-form-control-wrap\" data-name=\"Adr1a\"><input size=\"40\" maxlength=\"400\" class=\"wpcf7-form-control wpcf7-text fnom2\" aria-invalid=\"false\" value=\"\" type=\"text\" name=\"Adr1a\" \/><\/span> <\/label><br \/>\n<span class=\"wpcf7-form-control-wrap\" data-name=\"Adr2a\"><input size=\"40\" maxlength=\"400\" class=\"wpcf7-form-control wpcf7-text fnom2\" aria-invalid=\"false\" value=\"\" type=\"text\" name=\"Adr2a\" \/><\/span><br \/>\nCode postal <span class=\"wpcf7-form-control-wrap\" data-name=\"CPa\"><input size=\"40\" maxlength=\"400\" class=\"wpcf7-form-control wpcf7-text fcp\" aria-invalid=\"false\" value=\"\" type=\"text\" name=\"CPa\" \/><\/span><label> Ville <span class=\"wpcf7-form-control-wrap\" data-name=\"Villea\"><input size=\"40\" maxlength=\"400\" class=\"wpcf7-form-control wpcf7-text fville2\" aria-invalid=\"false\" value=\"\" type=\"text\" name=\"Villea\" \/><\/span><\/label>\n\t\t<\/p>\n\t\t<p><label>e-mail<br \/>\n<span class=\"wpcf7-form-control-wrap\" data-name=\"emaila\"><input size=\"40\" maxlength=\"400\" class=\"wpcf7-form-control wpcf7-email wpcf7-text wpcf7-validates-as-email fnom2\" aria-invalid=\"false\" value=\"\" type=\"email\" name=\"emaila\" \/><\/span> <\/label>&nbsp;\n\t\t<\/p>\n\t\t<p><label> t\u00e9l\u00e9phone<br \/>\n<span class=\"wpcf7-form-control-wrap\" data-name=\"tel_porta\"><input size=\"40\" maxlength=\"400\" class=\"wpcf7-form-control wpcf7-tel wpcf7-text wpcf7-validates-as-tel fnom2\" aria-invalid=\"false\" value=\"\" type=\"tel\" name=\"tel_porta\" \/><\/span><\/label>\n\t\t<\/p>\n\t<\/div>\n\t<div class=\"fright\">\n\t\t<p><label> Nom<br \/>\n<span class=\"wpcf7-form-control-wrap\" data-name=\"Nomb\"><input size=\"40\" maxlength=\"400\" class=\"wpcf7-form-control wpcf7-text fnom2\" aria-invalid=\"false\" value=\"\" type=\"text\" name=\"Nomb\" \/><\/span><\/label><br \/>\n<label> Pr\u00e9nom(s)<br \/>\n<span class=\"wpcf7-form-control-wrap\" data-name=\"prenomb\"><input size=\"40\" maxlength=\"400\" class=\"wpcf7-form-control wpcf7-text fnom2\" aria-invalid=\"false\" value=\"\" type=\"text\" name=\"prenomb\" \/><\/span><\/label>\n\t\t<\/p>\n\t\t<p><label> Adresse<br \/>\n<span class=\"wpcf7-form-control-wrap\" data-name=\"Adr1b\"><input size=\"40\" maxlength=\"400\" class=\"wpcf7-form-control wpcf7-text fnom2\" aria-invalid=\"false\" value=\"\" type=\"text\" name=\"Adr1b\" \/><\/span> <\/label><br \/>\n<span class=\"wpcf7-form-control-wrap\" data-name=\"Adr2b\"><input size=\"40\" maxlength=\"400\" class=\"wpcf7-form-control wpcf7-text fnom2\" aria-invalid=\"false\" value=\"\" type=\"text\" name=\"Adr2b\" \/><\/span><br \/>\nCode postal <span class=\"wpcf7-form-control-wrap\" data-name=\"CPb\"><input size=\"40\" maxlength=\"400\" class=\"wpcf7-form-control wpcf7-text fcp\" aria-invalid=\"false\" value=\"\" type=\"text\" name=\"CPb\" \/><\/span><label> Ville <span class=\"wpcf7-form-control-wrap\" data-name=\"Villeb\"><input size=\"40\" maxlength=\"400\" class=\"wpcf7-form-control wpcf7-text fville2\" aria-invalid=\"false\" value=\"\" type=\"text\" name=\"Villeb\" \/><\/span><\/label>\n\t\t<\/p>\n\t\t<p><label>e-mail<br \/>\n<span class=\"wpcf7-form-control-wrap\" data-name=\"emailb\"><input size=\"40\" maxlength=\"400\" class=\"wpcf7-form-control wpcf7-email wpcf7-text wpcf7-validates-as-email fnom2\" aria-invalid=\"false\" value=\"\" type=\"email\" name=\"emailb\" \/><\/span> <\/label>&nbsp;\n\t\t<\/p>\n\t\t<p><label> t\u00e9l\u00e9phone<br \/>\n<span class=\"wpcf7-form-control-wrap\" data-name=\"tel_portb\"><input size=\"40\" maxlength=\"400\" class=\"wpcf7-form-control wpcf7-tel wpcf7-text wpcf7-validates-as-tel fnom2\" aria-invalid=\"false\" value=\"\" type=\"tel\" name=\"tel_portb\" \/><\/span><\/label>\n\t\t<\/p>\n\t<\/div>\n<\/div>\n<p><strong> Autres informations concernant le mineur<\/strong>\n<\/p>\n<p>Sant\u00e9<br \/>\n<span class=\"wpcf7-form-control-wrap\" data-name=\"sante\"><input size=\"40\" maxlength=\"400\" class=\"wpcf7-form-control wpcf7-text fnom2\" aria-invalid=\"false\" value=\"\" type=\"text\" name=\"sante\" \/><\/span>\n<\/p>\n<p>Scolarit\u00e9<br \/>\n<span class=\"wpcf7-form-control-wrap\" data-name=\"scolarite\"><input size=\"40\" maxlength=\"400\" class=\"wpcf7-form-control wpcf7-text fnom2\" aria-invalid=\"false\" value=\"\" type=\"text\" name=\"scolarite\" \/><\/span>\n<\/p>\n<p><strong Mode d'accueil souhait\u00e9<\/strong><label>Week-end <span class=\"wpcf7-form-control-wrap\" data-name=\"AccueilWE\"><select class=\"wpcf7-form-control wpcf7-select\" aria-invalid=\"false\" name=\"AccueilWE\"><option value=\"O\">O<\/option><option value=\"N\">N<\/option><\/select><\/span><\/label><label ><span class=\"fespg\">Cong\u00e9s<span> <span class=\"wpcf7-form-control-wrap\" data-name=\"Accueilconges\"><select class=\"wpcf7-form-control wpcf7-select\" aria-invalid=\"false\" name=\"Accueilconges\"><option value=\"O\">O<\/option><option value=\"N\">N<\/option><\/select><\/span><\/span><\/span><\/label><label><span class=\"fespg\">Autre mode (pr\u00e9cisez) <\/span><span class=\"wpcf7-form-control-wrap\" data-name=\"Accueilautre\"><select class=\"wpcf7-form-control wpcf7-select\" aria-invalid=\"false\" name=\"Accueilautre\"><option value=\"O\">O<\/option><option value=\"N\">N<\/option><\/select><\/span><\/label><br \/>\nPr\u00e9cision \u00e9ventuelles<br \/>\n<span class=\"wpcf7-form-control-wrap\" data-name=\"accueilPrecision\"><textarea cols=\"40\" rows=\"10\" maxlength=\"2000\" class=\"wpcf7-form-control wpcf7-textarea fzone\" aria-invalid=\"false\" name=\"accueilPrecision\"><\/textarea><\/span><br \/>\n<\/strong><strong> Nom et qualit\u00e9 du demandeur (Parent ou repr\u00e9sentant l\u00e9gal)<\/strong><br \/>\n<span class=\"wpcf7-form-control-wrap\" data-name=\"demandeur\"><textarea cols=\"40\" rows=\"10\" maxlength=\"2000\" class=\"wpcf7-form-control wpcf7-textarea\" aria-invalid=\"false\" name=\"demandeur\"><\/textarea><\/span>\n<\/p>\n<p><strong>Qui exerce l\u2019autorit\u00e9 parentale sur le mineur ? :<\/strong><span class=\"wpcf7-form-control-wrap\" data-name=\"autparentale\"><input size=\"40\" maxlength=\"400\" class=\"wpcf7-form-control wpcf7-text\" aria-invalid=\"false\" value=\"\" type=\"text\" name=\"autparentale\" \/><\/span>\n<\/p>\n<p>Situation des parents<br \/>\n<span class=\"wpcf7-form-control-wrap\" data-name=\"situPatrents\"><textarea cols=\"40\" rows=\"10\" maxlength=\"2000\" class=\"wpcf7-form-control wpcf7-textarea fzone\" aria-invalid=\"false\" name=\"situPatrents\"><\/textarea><\/span>\n<\/p>\n<p>Autres enfants dans la famille<br \/>\n<span class=\"wpcf7-form-control-wrap\" data-name=\"enfants\"><textarea cols=\"40\" rows=\"10\" maxlength=\"2000\" class=\"wpcf7-form-control wpcf7-textarea fzone\" aria-invalid=\"false\" name=\"enfants\"><\/textarea><\/span>\n<\/p>\n<p>Autre parent\u00e9 ou relation<br \/>\n<span class=\"wpcf7-form-control-wrap\" data-name=\"relation\"><textarea cols=\"40\" rows=\"10\" maxlength=\"2000\" class=\"wpcf7-form-control wpcf7-textarea fzone\" aria-invalid=\"false\" name=\"relation\"><\/textarea><\/span>\n<\/p>\n<p>Histoire succinte de l'enfant<br \/>\n<span class=\"wpcf7-form-control-wrap\" data-name=\"histoire\"><textarea cols=\"40\" rows=\"10\" maxlength=\"2000\" class=\"wpcf7-form-control wpcf7-textarea fzonelarge\" aria-invalid=\"false\" name=\"histoire\"><\/textarea><\/span>\n<\/p>\n<p>Autres informations utiles<br \/>\n<span class=\"wpcf7-form-control-wrap\" data-name=\"info\"><textarea cols=\"40\" rows=\"10\" maxlength=\"2000\" class=\"wpcf7-form-control wpcf7-textarea fzone\" aria-invalid=\"false\" name=\"info\"><\/textarea><\/span>\n<\/p>\n<p>Statut de l'enfant (pr\u00e9cisez une \u00e9ventuelle mesure de prise en charge)<br \/>\n<span class=\"wpcf7-form-control-wrap\" data-name=\"statut\"><textarea cols=\"40\" rows=\"10\" maxlength=\"2000\" class=\"wpcf7-form-control wpcf7-textarea fzone\" aria-invalid=\"false\" name=\"statut\"><\/textarea><\/span><br \/>\n&nbsp;\n<\/p>\n<p><strong> Responsable ou r\u00e9f\u00e9rent du service concern\u00e9 : <\/strong><br \/>\n&nbsp;\n<\/p>\n<p><label> Pr\u00e9nom, Nom<span class=\"wpcf7-form-control-wrap\" data-name=\"responsable\"><input size=\"40\" maxlength=\"400\" class=\"wpcf7-form-control wpcf7-text fnom\" aria-invalid=\"false\" value=\"\" type=\"text\" name=\"responsable\" \/><\/span> <\/label><br \/>\n<label> Fonction : <span class=\"wpcf7-form-control-wrap\" data-name=\"responsablefonction\"><input size=\"40\" maxlength=\"400\" class=\"wpcf7-form-control wpcf7-text fnom\" aria-invalid=\"false\" value=\"\" type=\"text\" name=\"responsablefonction\" \/><\/span><\/label><br \/>\n<label>e-mail <span class=\"wpcf7-form-control-wrap\" data-name=\"responsableemail\"><input size=\"40\" maxlength=\"400\" class=\"wpcf7-form-control wpcf7-email wpcf7-text wpcf7-validates-as-email fnom2\" aria-invalid=\"false\" value=\"\" type=\"email\" name=\"responsableemail\" \/><\/span> <\/label><br \/>\n<label> t\u00e9l\u00e9phone <span class=\"wpcf7-form-control-wrap\" data-name=\"tel_port\"><input size=\"40\" maxlength=\"400\" class=\"wpcf7-form-control wpcf7-tel wpcf7-text wpcf7-validates-as-tel fnom2\" aria-invalid=\"false\" value=\"\" type=\"tel\" name=\"tel_port\" \/><\/span><\/label>\n<\/p>\n<p>&nbsp;\n<\/p>\n<p><strong> Autres professionnels concern\u00e9s : <\/strong><br \/>\n&nbsp;\n<\/p>\n<p>Noms, fonctions, adresses (Etablissement, responsable, \u00e9ducateur, tel\u00e9phone ...)<br \/>\n<span class=\"wpcf7-form-control-wrap\" data-name=\"autrespro\"><textarea cols=\"40\" rows=\"10\" maxlength=\"2000\" class=\"wpcf7-form-control wpcf7-textarea\" aria-invalid=\"false\" name=\"autrespro\"><\/textarea><\/span><br \/>\n&nbsp;\n<\/p>\n<p><label> Comment avez-vous connu notre association ? <span class=\"wpcf7-form-control-wrap\" data-name=\"connuass\"><input size=\"40\" maxlength=\"400\" class=\"wpcf7-form-control wpcf7-text\" aria-invalid=\"false\" value=\"\" type=\"text\" name=\"connuass\" \/><\/span><\/label><br \/>\n<label> D'autres associations ont-elles \u00e9t\u00e9 contact\u00e9es ? <span class=\"wpcf7-form-control-wrap\" data-name=\"autresasso\"><input size=\"40\" maxlength=\"400\" class=\"wpcf7-form-control wpcf7-text\" aria-invalid=\"false\" value=\"\" type=\"text\" name=\"autresasso\" \/><\/span><\/label>\n<\/p>\n<p>Merci de joindre une photo <span class=\"wpcf7-form-control-wrap\" data-name=\"photo\"><input size=\"40\" class=\"wpcf7-form-control wpcf7-file\" accept=\".pdf,.jpeg,.png,.gif,.jpg\" aria-invalid=\"false\" type=\"file\" name=\"photo\" \/><\/span><br \/>\n<input class=\"wpcf7-form-control wpcf7-submit has-spinner\" type=\"submit\" value=\"Envoyer\" \/>\n<\/p><p style=\"display: none !important;\" class=\"akismet-fields-container\" data-prefix=\"_wpcf7_ak_\"><label>&#916;<textarea name=\"_wpcf7_ak_hp_textarea\" cols=\"45\" rows=\"8\" maxlength=\"100\"><\/textarea><\/label><input type=\"hidden\" id=\"ak_js_1\" name=\"_wpcf7_ak_js\" value=\"61\"\/><script>document.getElementById( \"ak_js_1\" ).setAttribute( \"value\", ( new Date() ).getTime() );<\/script><\/p><input type='hidden' class='wpcf7-pum' value='{\"closepopup\":false,\"closedelay\":0,\"openpopup\":false,\"openpopup_id\":0}' \/><div class=\"wpcf7-response-output\" aria-hidden=\"true\"><\/div>\n<\/form>\n<\/div>\n\n","protected":false},"excerpt":{"rendered":"<p>DEMANDE DE PARRAINAGE (mineur)<\/p>\n","protected":false},"author":1,"featured_media":0,"parent":0,"menu_order":0,"comment_status":"closed","ping_status":"closed","template":"page-large.php","meta":{"footnotes":""},"class_list":["post-5469","page","type-page","status-publish","hentry"],"yoast_head":"<!-- This site is optimized with the Yoast SEO plugin v27.0 - https:\/\/yoast.com\/product\/yoast-seo-wordpress\/ -->\n<title>Demande de Parrainage mineur - Un Enfant Une Famille - Parrainage de proximit\u00e9, action citoyenne durable d&#039;ouverture pour les enfants en Ile de France<\/title>\n<meta name=\"robots\" content=\"index, follow, max-snippet:-1, max-image-preview:large, max-video-preview:-1\" \/>\n<link rel=\"canonical\" href=\"https:\/\/unenfantunefamille.org\/index.php\/demanade-de-parrainage-mineur\/\" \/>\n<meta property=\"og:locale\" content=\"fr_FR\" \/>\n<meta property=\"og:type\" content=\"article\" \/>\n<meta property=\"og:title\" content=\"Demande de Parrainage mineur - Un Enfant Une Famille - Parrainage de proximit\u00e9, action citoyenne durable d&#039;ouverture pour les enfants en Ile de France\" \/>\n<meta property=\"og:description\" content=\"DEMANDE DE PARRAINAGE (mineur)\" \/>\n<meta property=\"og:url\" content=\"https:\/\/unenfantunefamille.org\/index.php\/demanade-de-parrainage-mineur\/\" \/>\n<meta property=\"og:site_name\" content=\"Un Enfant Une Famille - Parrainage de proximit\u00e9, action citoyenne durable d&#039;ouverture pour les enfants en Ile de France\" \/>\n<meta property=\"article:modified_time\" content=\"2026-02-14T14:28:44+00:00\" \/>\n<meta name=\"twitter:card\" content=\"summary_large_image\" \/>\n<meta name=\"twitter:label1\" content=\"Dur\u00e9e de lecture estim\u00e9e\" \/>\n\t<meta name=\"twitter:data1\" content=\"1 minute\" \/>\n<script type=\"application\/ld+json\" class=\"yoast-schema-graph\">{\"@context\":\"https:\/\/schema.org\",\"@graph\":[{\"@type\":\"WebPage\",\"@id\":\"https:\/\/unenfantunefamille.org\/index.php\/demanade-de-parrainage-mineur\/\",\"url\":\"https:\/\/unenfantunefamille.org\/index.php\/demanade-de-parrainage-mineur\/\",\"name\":\"Demande de Parrainage mineur - Un Enfant Une Famille - Parrainage de proximit\u00e9, action citoyenne durable d&#039;ouverture pour les enfants en Ile de France\",\"isPartOf\":{\"@id\":\"https:\/\/unenfantunefamille.org\/#website\"},\"datePublished\":\"2026-02-14T14:27:00+00:00\",\"dateModified\":\"2026-02-14T14:28:44+00:00\",\"breadcrumb\":{\"@id\":\"https:\/\/unenfantunefamille.org\/index.php\/demanade-de-parrainage-mineur\/#breadcrumb\"},\"inLanguage\":\"fr-FR\",\"potentialAction\":[{\"@type\":\"ReadAction\",\"target\":[\"https:\/\/unenfantunefamille.org\/index.php\/demanade-de-parrainage-mineur\/\"]}]},{\"@type\":\"BreadcrumbList\",\"@id\":\"https:\/\/unenfantunefamille.org\/index.php\/demanade-de-parrainage-mineur\/#breadcrumb\",\"itemListElement\":[{\"@type\":\"ListItem\",\"position\":1,\"name\":\"Accueil\",\"item\":\"https:\/\/unenfantunefamille.org\/\"},{\"@type\":\"ListItem\",\"position\":2,\"name\":\"Demande de Parrainage mineur\"}]},{\"@type\":\"WebSite\",\"@id\":\"https:\/\/unenfantunefamille.org\/#website\",\"url\":\"https:\/\/unenfantunefamille.org\/\",\"name\":\"Un Enfant Une Famille - Parrainage de proximit\u00e9, action citoyenne durable d&#039;ouverture pour les enfants en Ile de France\",\"description\":\"lien affectif b\u00e9n\u00e9vole durable pour aider un enfant \u00e0 grandir\",\"potentialAction\":[{\"@type\":\"SearchAction\",\"target\":{\"@type\":\"EntryPoint\",\"urlTemplate\":\"https:\/\/unenfantunefamille.org\/?s={search_term_string}\"},\"query-input\":{\"@type\":\"PropertyValueSpecification\",\"valueRequired\":true,\"valueName\":\"search_term_string\"}}],\"inLanguage\":\"fr-FR\"}]}<\/script>\n<!-- \/ Yoast SEO plugin. -->","yoast_head_json":{"title":"Demande de Parrainage mineur - Un Enfant Une Famille - Parrainage de proximit\u00e9, action citoyenne durable d&#039;ouverture pour les enfants en Ile de France","robots":{"index":"index","follow":"follow","max-snippet":"max-snippet:-1","max-image-preview":"max-image-preview:large","max-video-preview":"max-video-preview:-1"},"canonical":"https:\/\/unenfantunefamille.org\/index.php\/demanade-de-parrainage-mineur\/","og_locale":"fr_FR","og_type":"article","og_title":"Demande de Parrainage mineur - Un Enfant Une Famille - Parrainage de proximit\u00e9, action citoyenne durable d&#039;ouverture pour les enfants en Ile de France","og_description":"DEMANDE DE PARRAINAGE (mineur)","og_url":"https:\/\/unenfantunefamille.org\/index.php\/demanade-de-parrainage-mineur\/","og_site_name":"Un Enfant Une Famille - Parrainage de proximit\u00e9, action citoyenne durable d&#039;ouverture pour les enfants en Ile de France","article_modified_time":"2026-02-14T14:28:44+00:00","twitter_card":"summary_large_image","twitter_misc":{"Dur\u00e9e de lecture estim\u00e9e":"1 minute"},"schema":{"@context":"https:\/\/schema.org","@graph":[{"@type":"WebPage","@id":"https:\/\/unenfantunefamille.org\/index.php\/demanade-de-parrainage-mineur\/","url":"https:\/\/unenfantunefamille.org\/index.php\/demanade-de-parrainage-mineur\/","name":"Demande de Parrainage mineur - Un Enfant Une Famille - Parrainage de proximit\u00e9, action citoyenne durable d&#039;ouverture pour les enfants en Ile de France","isPartOf":{"@id":"https:\/\/unenfantunefamille.org\/#website"},"datePublished":"2026-02-14T14:27:00+00:00","dateModified":"2026-02-14T14:28:44+00:00","breadcrumb":{"@id":"https:\/\/unenfantunefamille.org\/index.php\/demanade-de-parrainage-mineur\/#breadcrumb"},"inLanguage":"fr-FR","potentialAction":[{"@type":"ReadAction","target":["https:\/\/unenfantunefamille.org\/index.php\/demanade-de-parrainage-mineur\/"]}]},{"@type":"BreadcrumbList","@id":"https:\/\/unenfantunefamille.org\/index.php\/demanade-de-parrainage-mineur\/#breadcrumb","itemListElement":[{"@type":"ListItem","position":1,"name":"Accueil","item":"https:\/\/unenfantunefamille.org\/"},{"@type":"ListItem","position":2,"name":"Demande de Parrainage mineur"}]},{"@type":"WebSite","@id":"https:\/\/unenfantunefamille.org\/#website","url":"https:\/\/unenfantunefamille.org\/","name":"Un Enfant Une Famille - Parrainage de proximit\u00e9, action citoyenne durable d&#039;ouverture pour les enfants en Ile de France","description":"lien affectif b\u00e9n\u00e9vole durable pour aider un enfant \u00e0 grandir","potentialAction":[{"@type":"SearchAction","target":{"@type":"EntryPoint","urlTemplate":"https:\/\/unenfantunefamille.org\/?s={search_term_string}"},"query-input":{"@type":"PropertyValueSpecification","valueRequired":true,"valueName":"search_term_string"}}],"inLanguage":"fr-FR"}]}},"_links":{"self":[{"href":"https:\/\/unenfantunefamille.org\/index.php\/wp-json\/wp\/v2\/pages\/5469","targetHints":{"allow":["GET"]}}],"collection":[{"href":"https:\/\/unenfantunefamille.org\/index.php\/wp-json\/wp\/v2\/pages"}],"about":[{"href":"https:\/\/unenfantunefamille.org\/index.php\/wp-json\/wp\/v2\/types\/page"}],"author":[{"embeddable":true,"href":"https:\/\/unenfantunefamille.org\/index.php\/wp-json\/wp\/v2\/users\/1"}],"replies":[{"embeddable":true,"href":"https:\/\/unenfantunefamille.org\/index.php\/wp-json\/wp\/v2\/comments?post=5469"}],"version-history":[{"count":2,"href":"https:\/\/unenfantunefamille.org\/index.php\/wp-json\/wp\/v2\/pages\/5469\/revisions"}],"predecessor-version":[{"id":5471,"href":"https:\/\/unenfantunefamille.org\/index.php\/wp-json\/wp\/v2\/pages\/5469\/revisions\/5471"}],"wp:attachment":[{"href":"https:\/\/unenfantunefamille.org\/index.php\/wp-json\/wp\/v2\/media?parent=5469"}],"curies":[{"name":"wp","href":"https:\/\/api.w.org\/{rel}","templated":true}]}}