{"id":740,"date":"2016-11-08T21:17:51","date_gmt":"2016-11-08T20:17:51","guid":{"rendered":"http:\/\/unenfantunefamille.org\/?page_id=740"},"modified":"2026-04-22T10:59:20","modified_gmt":"2026-04-22T08:59:20","slug":"accueil-2-2","status":"publish","type":"page","link":"https:\/\/unenfantunefamille.org\/","title":{"rendered":"Accueil"},"content":{"rendered":"<div class=\"hh4\" style=\"text-align: center;\">\n<p>&#8211; <a href=\"http:\/\/unenfantunefamille.org\/index.php\/le-parrainage-de-proximite\/\"><em>Parrainage de proximit\u00e9<\/em><\/a><\/p>\n<p>Comme le dit la <a href=\"http:\/\/unenfantunefamille.org\/wp-content\/uploads\/2025\/06\/Charte-Nationale-du-Parrainage-arrete-joe_20250131_0026_0014-1.pdf\">charte nationale du parrainage<\/a>,<br \/>\ncr\u00e9er un lien dans la dur\u00e9e \u00e7a change tout !!<\/p>\n<p><!-- en commentaire\n<img loading=\"lazy\" decoding=\"async\" src=\"http:\/\/unenfantunefamille.org\/wp-content\/uploads\/2016\/10\/rencontres-246x300.jpg\" alt=\"rencontres\" width=\"328\" height=\"400\">\n\n<em><span style=\"color: #ff0000;\">Vous \u00eates en Ile de France. Le <a style=\"color: #ff0000;\" href=\"http:\/\/unenfantunefamille.org\/index.php\/le-parrainage-de-proximite\/\"> parrainage de proximit\u00e9<\/a> vous concerne.\n<\/span><\/em>\n---><\/p>\n<\/div>\n<div class=\"hh5\" style=\"line-height: 1.2;\">Le parrainage de proximit\u00e9, action citoyenne et b\u00e9n\u00e9vole, apporte \u00e0 un enfant<\/div>\n<div style=\"margin-top:1em;\"><\/div>\n<ul>\n<li class=\"hh5\" style=\"line-height: 1.2;\">des choses \u00ab\u00a0toutes simples\u00a0\u00bb comme se promener, faire la cuisine, faire les magasins, faire du v\u00e9lo &#8230;<\/li>\n<li class=\"hh5\" style=\"line-height: 1.2;\">des sorties, une ouverture culturelle (mus\u00e9e, visites),\u00a0 &#8230;<\/li>\n<\/ul>\n<div class=\"hh5\" style=\"line-height: 1.2;\">Il cr\u00e9e un lien stable dans la dur\u00e9e en plus des parents et \u00e9ventuellement des travailleurs sociaux. Il aide l&rsquo;enfant \u00e0 grandir.<\/div>\n<div><\/div>\n<div><img loading=\"lazy\" decoding=\"async\" class=\"size-full wp-image-655 aligncenter\" src=\"https:\/\/unenfantunefamille.org\/wp-content\/uploads\/2016\/10\/rencontres.jpg\" alt=\"\" width=\"400\" height=\"487\" srcset=\"https:\/\/unenfantunefamille.org\/wp-content\/uploads\/2016\/10\/rencontres.jpg 400w, https:\/\/unenfantunefamille.org\/wp-content\/uploads\/2016\/10\/rencontres-246x300.jpg 246w\" sizes=\"auto, (max-width: 400px) 100vw, 400px\" \/><\/div>\n<p><!-----------------------------------------------------------><\/p>\n<h3>Quels parrains ?<\/h3>\n<p><!-----------------------------------------------------------><\/p>\n<ul class=\"hh5\">\n<li>\n<p>Vous \u00eates en couple, ou c\u00e9libataire, avec ou sans enfants  <a href= \"\" class=\"hh5 \" id=\"bouton_id_div1\" onclick = \"javascript:afficher_cacher('id_div1',' => ',' <= ');return false; \" >  =>  <\/a><\/p>\n<p><div id=\"id_div1\" style=\"display: none; line-height: 1.2;margin-top:20px\" class=\"hh5\">Vous avez envie de partager avec un enfant ou un jeune, pr\u00e8s de chez vous, des activit\u00e9s, culturelles, sportives \u2026 et aussi, tout simplement, des moments d\u2019\u00e9change, de complicit\u00e9, et de cr\u00e9er avec lui, dans la r\u00e9ciprocit\u00e9, un lien qui pourra s\u2019installer dans la dur\u00e9e ? Vous pouvez devenir parrain ou marraine de proximit\u00e9 !<br \/>\n<a href=\"http:\/\/unenfantunefamille.org\/index.php\/contacts\/\"> Contactez-nous ! <\/a><br \/>\n<\/div><\/li>\n<\/ul>\n<h3 style=\"text-align: left; margin-bottom: 20px;\">Quels enfants \u00e0 parrainer ?<\/h3>\n<p><!-----------------------------------------------------------><\/p>\n<ul class=\"hh5\">\n<li style=\"line-height: 1.2;\">\n<p>Vous \u00eates parent.<a href= \"\" class=\"hh5 \" id=\"bouton_id_div2\" onclick = \"javascript:afficher_cacher('id_div2',' => ',' <= ');return false; \" >  =>  <\/a><\/p>\n<p><p id=\"id_div2\" style=\"display: none; line-height: 1.2;\" class=\"hh5\">Tout en assumant pleinement vos responsabilit\u00e9s parentales, vous souhaitez que votre enfant puisse cr\u00e9er un lien privil\u00e9gi\u00e9 avec un autre adulte, dans lequel vous aurez confiance et qui respectera votre place de parent. Ainsi votre enfant pourra avoir des activit\u00e9s ou faire des sorties que vous n\u2019auriez pas forc\u00e9ment eu le temps de lui proposer.<br \/>\nVous pouvez demander un parrain ou une marraine de proximit\u00e9 !<br \/>\n<a href=\"http:\/\/unenfantunefamille.org\/index.php\/contacts\/\"> Contactez-nous ! <\/a><br \/>\n<\/p><\/li>\n<li>\n<p>Vous \u00eates \u00e9ducateur, travailleur social, en charge d\u2019un enfant ou d\u2019un jeune. <a href= \"\" class=\"hh5 \" id=\"bouton_id_div3\" onclick = \"javascript:afficher_cacher('id_div3',' => ',' <= ');return false; \" >  =>  <\/a><\/p>\n<p><p id=\"id_div3\" style=\"display: none; line-height: 1.2;\" class=\"hh5\">Vous pensez qu\u2019un bon projet pour lui serait d\u2019avoir un parrain, une marraine, un adulte sur lequel il pourra compter, pour \u00eatre \u00e9paul\u00e9, pour construire son avenir.<br \/>\nCes parrains sont peut-\u00eatre d\u00e9j\u00e0 dans notre association, ou vont la rejoindre !<br \/>\n<a href=\"http:\/\/unenfantunefamille.org\/index.php\/contacts\/\"> Contactez-nous ! <\/a><\/p><\/li>\n<\/ul>\n<p><!-----------------------------------------------------------><\/p>\n<p><!-----------------------------------------------------------><\/p>\n<h3 style=\"text-align: left; margin-bottom: 20px;\">Quelle aide nous apporter ?<\/h3>\n<p><!-----------------------------------------------------------><\/p>\n<ul class=\"hh5\">\n<li>\n<p > Notre action  b\u00e9n\u00e9vole vous int\u00e9resse, mais vous ne souhaitez pas, pour le moment, vous engager dans la dur\u00e9e.<a href= \"\" class=\"hh5 \" id=\"bouton_id_div4\" onclick = \"javascript:afficher_cacher('id_div4',' => ',' <= ');return false; \" >  =>  <\/a><\/p>\n<p><p id=\"id_div4\" style=\"display: none; line-height: 1.2;\" class=\"hh5\">Sachez que certains jeunes ont peut-\u00eatre simplement besoin d&rsquo;un coup de pouce de courte dur\u00e9e, de votre \u00e9coute, de vos comp\u00e9tences&#8230; Sachez aussi qu\u2019il y a un grand nombre de fa\u00e7ons d&rsquo;aider notre association.<br \/>\nNous avons besoin de vous !<br \/>\n<a href=\"http:\/\/unenfantunefamille.org\/index.php\/contacts\/\"> Contactez-nous ! <\/a><br \/>\n<\/p><\/li>\n<\/ul>\n<p><!-----------------------------------------------------------><\/p>\n<p><!---------------------------------------------------------------------------><\/p>\n<h5 class=\"hh5\" style=\"margin-top: 0;\"> Vous pouvez t\u00e9l\u00e9charger la <a href=\"https:\/\/unenfantunefamille.org\/wp-content\/uploads\/2025\/07\/plaquette-red-ueuf_v9_logos.pdf\"> plaquette de pr\u00e9sentation,<\/a> le <a href=\"https:\/\/unenfantunefamille.org\/wp-content\/uploads\/2026\/03\/Projet-associatif-2026.pdf\"> Projet associatif 2026-2027<\/a>, voir aussi le <a href=\"https:\/\/unenfantunefamille.org\/index.php\/temoignages\/#film40ans\">film de t\u00e9moignage<\/a><\/h5>\n<h5>N&rsquo;h\u00e9sitez pas \u00e0 nous contacter<\/h5>\n<ul class=\" hh5\">\n<li style=\"list-style-type: none;\">\n<ul class=\" hh5\">\n<li><a href=\"mailto:contact@unenfantunefamille.org\">par mail<\/a> ou<\/li>\n<li>par t\u00e9l\u00e9phone (<span id=\"eeb-83802-799786\"><\/span><script type=\"text\/javascript\">(function() {var ml=\"5420E6379%18\",mi=\"92335923;7923139233:9232;9239429;398692335923;29232:9230;923:2923\",o=\"\";for(var j=0,l=mi.length;j<l;j++) {o+=ml.charAt(mi.charCodeAt(j)-48);}document.getElementById(\"eeb-83802-799786\").innerHTML = decodeURIComponent(o);}());<\/script><noscript>*protected email*<\/noscript>).<\/li>\n<\/ul>\n<\/li>\n<\/ul>\n<div class=\"hh6\" style=\"padding-top: 30px;\">Derni\u00e8re mise \u00e0 jour : jeudi 23 avril 2026<\/div>\n<div class=\"hh5\" style=\"float : right ; margin : 0px 0px 10px 30px ;\" > Cette page a \u00e9t\u00e9 visit\u00e9e 138367 fois <\/div>\n","protected":false},"excerpt":{"rendered":"<p>&#8211; Parrainage de proximit\u00e9 Comme le dit la charte nationale du parrainage, cr\u00e9er un lien dans la dur\u00e9e \u00e7a change tout !! Le parrainage de proximit\u00e9, action citoyenne et b\u00e9n\u00e9vole, apporte \u00e0 un enfant des choses \u00ab\u00a0toutes simples\u00a0\u00bb comme se promener, faire la cuisine, faire les magasins, faire du v\u00e9lo &#8230; des sorties, une ouverture\u2026 <span class=\"read-more\"><a href=\"https:\/\/unenfantunefamille.org\/\">Lire la suite &raquo;<\/a><\/span><\/p>\n","protected":false},"author":1,"featured_media":660,"parent":0,"menu_order":0,"comment_status":"closed","ping_status":"closed","template":"page-deux-sidebar.php","meta":{"footnotes":""},"class_list":["post-740","page","type-page","status-publish","has-post-thumbnail","hentry"],"yoast_head":"<!-- This site is optimized with the Yoast SEO plugin v27.0 - https:\/\/yoast.com\/product\/yoast-seo-wordpress\/ -->\n<title>Accueil - Un Enfant Une Famille - Parrainage de proximit\u00e9, action citoyenne durable d&#039;ouverture pour les enfants en Ile de France<\/title>\n<meta name=\"description\" content=\"Cr\u00e9er un lien stable dans la dur\u00e9e avec un enfant, l&#039;accompagner, l&#039;accueillir b\u00e9n\u00e9volement, l&#039;aider \u00e0 grandir.\" \/>\n<meta name=\"robots\" content=\"index, follow, max-snippet:-1, max-image-preview:large, max-video-preview:-1\" \/>\n<link rel=\"canonical\" href=\"https:\/\/unenfantunefamille.org\/\" \/>\n<meta property=\"og:locale\" content=\"fr_FR\" \/>\n<meta property=\"og:type\" content=\"article\" \/>\n<meta property=\"og:title\" content=\"Accueil - Un Enfant Une Famille - Parrainage de proximit\u00e9, action citoyenne durable d&#039;ouverture pour les enfants en Ile de France\" \/>\n<meta property=\"og:description\" content=\"Cr\u00e9er un lien stable dans la dur\u00e9e avec un enfant, l&#039;accompagner, l&#039;accueillir b\u00e9n\u00e9volement, l&#039;aider \u00e0 grandir.\" \/>\n<meta property=\"og:url\" content=\"https:\/\/unenfantunefamille.org\/\" \/>\n<meta property=\"og:site_name\" content=\"Un Enfant Une Famille - Parrainage de proximit\u00e9, action citoyenne durable d&#039;ouverture pour les enfants en Ile de France\" \/>\n<meta property=\"article:modified_time\" content=\"2026-04-22T08:59:20+00:00\" \/>\n<meta property=\"og:image\" content=\"https:\/\/unenfantunefamille.org\/wp-content\/uploads\/2016\/10\/Aidez_enfant_grandir_sans_texte.jpg\" \/>\n\t<meta property=\"og:image:width\" content=\"369\" \/>\n\t<meta property=\"og:image:height\" content=\"491\" \/>\n\t<meta property=\"og:image:type\" content=\"image\/jpeg\" \/>\n<meta name=\"twitter:card\" content=\"summary_large_image\" \/>\n<meta name=\"twitter:label1\" content=\"Dur\u00e9e de lecture estim\u00e9e\" \/>\n\t<meta name=\"twitter:data1\" content=\"3 minutes\" \/>\n<script type=\"application\/ld+json\" class=\"yoast-schema-graph\">{\"@context\":\"https:\/\/schema.org\",\"@graph\":[{\"@type\":\"WebPage\",\"@id\":\"https:\/\/unenfantunefamille.org\/\",\"url\":\"https:\/\/unenfantunefamille.org\/\",\"name\":\"Accueil - Un Enfant Une Famille - Parrainage de proximit\u00e9, action citoyenne durable d&#039;ouverture pour les enfants en Ile de France\",\"isPartOf\":{\"@id\":\"https:\/\/unenfantunefamille.org\/#website\"},\"primaryImageOfPage\":{\"@id\":\"https:\/\/unenfantunefamille.org\/#primaryimage\"},\"image\":{\"@id\":\"https:\/\/unenfantunefamille.org\/#primaryimage\"},\"thumbnailUrl\":\"https:\/\/unenfantunefamille.org\/wp-content\/uploads\/2016\/10\/Aidez_enfant_grandir_sans_texte.jpg\",\"datePublished\":\"2016-11-08T20:17:51+00:00\",\"dateModified\":\"2026-04-22T08:59:20+00:00\",\"description\":\"Cr\u00e9er un lien stable dans la dur\u00e9e avec un enfant, l'accompagner, l'accueillir b\u00e9n\u00e9volement, l'aider \u00e0 grandir.\",\"breadcrumb\":{\"@id\":\"https:\/\/unenfantunefamille.org\/#breadcrumb\"},\"inLanguage\":\"fr-FR\",\"potentialAction\":[{\"@type\":\"ReadAction\",\"target\":[\"https:\/\/unenfantunefamille.org\/\"]}]},{\"@type\":\"ImageObject\",\"inLanguage\":\"fr-FR\",\"@id\":\"https:\/\/unenfantunefamille.org\/#primaryimage\",\"url\":\"https:\/\/unenfantunefamille.org\/wp-content\/uploads\/2016\/10\/Aidez_enfant_grandir_sans_texte.jpg\",\"contentUrl\":\"https:\/\/unenfantunefamille.org\/wp-content\/uploads\/2016\/10\/Aidez_enfant_grandir_sans_texte.jpg\",\"width\":369,\"height\":491},{\"@type\":\"BreadcrumbList\",\"@id\":\"https:\/\/unenfantunefamille.org\/#breadcrumb\",\"itemListElement\":[{\"@type\":\"ListItem\",\"position\":1,\"name\":\"Accueil\",\"item\":\"https:\/\/unenfantunefamille.org\/\"},{\"@type\":\"ListItem\",\"position\":2,\"name\":\"Accueil\"}]},{\"@type\":\"WebSite\",\"@id\":\"https:\/\/unenfantunefamille.org\/#website\",\"url\":\"https:\/\/unenfantunefamille.org\/\",\"name\":\"Un Enfant Une Famille - Parrainage de proximit\u00e9, action citoyenne durable d&#039;ouverture pour les enfants en Ile de France\",\"description\":\"lien affectif b\u00e9n\u00e9vole durable pour aider un enfant \u00e0 grandir\",\"potentialAction\":[{\"@type\":\"SearchAction\",\"target\":{\"@type\":\"EntryPoint\",\"urlTemplate\":\"https:\/\/unenfantunefamille.org\/?s={search_term_string}\"},\"query-input\":{\"@type\":\"PropertyValueSpecification\",\"valueRequired\":true,\"valueName\":\"search_term_string\"}}],\"inLanguage\":\"fr-FR\"}]}<\/script>\n<!-- \/ Yoast SEO plugin. -->","yoast_head_json":{"title":"Accueil - Un Enfant Une Famille - Parrainage de proximit\u00e9, action citoyenne durable d&#039;ouverture pour les enfants en Ile de France","description":"Cr\u00e9er un lien stable dans la dur\u00e9e avec un enfant, l'accompagner, l'accueillir b\u00e9n\u00e9volement, l'aider \u00e0 grandir.","robots":{"index":"index","follow":"follow","max-snippet":"max-snippet:-1","max-image-preview":"max-image-preview:large","max-video-preview":"max-video-preview:-1"},"canonical":"https:\/\/unenfantunefamille.org\/","og_locale":"fr_FR","og_type":"article","og_title":"Accueil - Un Enfant Une Famille - Parrainage de proximit\u00e9, action citoyenne durable d&#039;ouverture pour les enfants en Ile de France","og_description":"Cr\u00e9er un lien stable dans la dur\u00e9e avec un enfant, l'accompagner, l'accueillir b\u00e9n\u00e9volement, l'aider \u00e0 grandir.","og_url":"https:\/\/unenfantunefamille.org\/","og_site_name":"Un Enfant Une Famille - Parrainage de proximit\u00e9, action citoyenne durable d&#039;ouverture pour les enfants en Ile de France","article_modified_time":"2026-04-22T08:59:20+00:00","og_image":[{"width":369,"height":491,"url":"https:\/\/unenfantunefamille.org\/wp-content\/uploads\/2016\/10\/Aidez_enfant_grandir_sans_texte.jpg","type":"image\/jpeg"}],"twitter_card":"summary_large_image","twitter_misc":{"Dur\u00e9e de lecture estim\u00e9e":"3 minutes"},"schema":{"@context":"https:\/\/schema.org","@graph":[{"@type":"WebPage","@id":"https:\/\/unenfantunefamille.org\/","url":"https:\/\/unenfantunefamille.org\/","name":"Accueil - Un Enfant Une Famille - Parrainage de proximit\u00e9, action citoyenne durable d&#039;ouverture pour les enfants en Ile de France","isPartOf":{"@id":"https:\/\/unenfantunefamille.org\/#website"},"primaryImageOfPage":{"@id":"https:\/\/unenfantunefamille.org\/#primaryimage"},"image":{"@id":"https:\/\/unenfantunefamille.org\/#primaryimage"},"thumbnailUrl":"https:\/\/unenfantunefamille.org\/wp-content\/uploads\/2016\/10\/Aidez_enfant_grandir_sans_texte.jpg","datePublished":"2016-11-08T20:17:51+00:00","dateModified":"2026-04-22T08:59:20+00:00","description":"Cr\u00e9er un lien stable dans la dur\u00e9e avec un enfant, l'accompagner, l'accueillir b\u00e9n\u00e9volement, l'aider \u00e0 grandir.","breadcrumb":{"@id":"https:\/\/unenfantunefamille.org\/#breadcrumb"},"inLanguage":"fr-FR","potentialAction":[{"@type":"ReadAction","target":["https:\/\/unenfantunefamille.org\/"]}]},{"@type":"ImageObject","inLanguage":"fr-FR","@id":"https:\/\/unenfantunefamille.org\/#primaryimage","url":"https:\/\/unenfantunefamille.org\/wp-content\/uploads\/2016\/10\/Aidez_enfant_grandir_sans_texte.jpg","contentUrl":"https:\/\/unenfantunefamille.org\/wp-content\/uploads\/2016\/10\/Aidez_enfant_grandir_sans_texte.jpg","width":369,"height":491},{"@type":"BreadcrumbList","@id":"https:\/\/unenfantunefamille.org\/#breadcrumb","itemListElement":[{"@type":"ListItem","position":1,"name":"Accueil","item":"https:\/\/unenfantunefamille.org\/"},{"@type":"ListItem","position":2,"name":"Accueil"}]},{"@type":"WebSite","@id":"https:\/\/unenfantunefamille.org\/#website","url":"https:\/\/unenfantunefamille.org\/","name":"Un Enfant Une Famille - Parrainage de proximit\u00e9, action citoyenne durable d&#039;ouverture pour les enfants en Ile de France","description":"lien affectif b\u00e9n\u00e9vole durable pour aider un enfant \u00e0 grandir","potentialAction":[{"@type":"SearchAction","target":{"@type":"EntryPoint","urlTemplate":"https:\/\/unenfantunefamille.org\/?s={search_term_string}"},"query-input":{"@type":"PropertyValueSpecification","valueRequired":true,"valueName":"search_term_string"}}],"inLanguage":"fr-FR"}]}},"_links":{"self":[{"href":"https:\/\/unenfantunefamille.org\/index.php\/wp-json\/wp\/v2\/pages\/740","targetHints":{"allow":["GET"]}}],"collection":[{"href":"https:\/\/unenfantunefamille.org\/index.php\/wp-json\/wp\/v2\/pages"}],"about":[{"href":"https:\/\/unenfantunefamille.org\/index.php\/wp-json\/wp\/v2\/types\/page"}],"author":[{"embeddable":true,"href":"https:\/\/unenfantunefamille.org\/index.php\/wp-json\/wp\/v2\/users\/1"}],"replies":[{"embeddable":true,"href":"https:\/\/unenfantunefamille.org\/index.php\/wp-json\/wp\/v2\/comments?post=740"}],"version-history":[{"count":421,"href":"https:\/\/unenfantunefamille.org\/index.php\/wp-json\/wp\/v2\/pages\/740\/revisions"}],"predecessor-version":[{"id":5515,"href":"https:\/\/unenfantunefamille.org\/index.php\/wp-json\/wp\/v2\/pages\/740\/revisions\/5515"}],"wp:featuredmedia":[{"embeddable":true,"href":"https:\/\/unenfantunefamille.org\/index.php\/wp-json\/wp\/v2\/media\/660"}],"wp:attachment":[{"href":"https:\/\/unenfantunefamille.org\/index.php\/wp-json\/wp\/v2\/media?parent=740"}],"curies":[{"name":"wp","href":"https:\/\/api.w.org\/{rel}","templated":true}]}}